Last updated on 2025-01-19 05:49:25 CET.
Flavor | Version | Tinstall | Tcheck | Ttotal | Status | Flags |
---|---|---|---|---|---|---|
r-devel-linux-x86_64-debian-clang | 1.0.3 | 6.57 | 51.46 | 58.03 | OK | |
r-devel-linux-x86_64-debian-gcc | 1.0.3 | 5.09 | 40.06 | 45.15 | OK | |
r-devel-linux-x86_64-fedora-clang | 1.0.3 | 90.64 | OK | |||
r-devel-linux-x86_64-fedora-gcc | 1.0.3 | 100.44 | OK | |||
r-devel-windows-x86_64 | 1.0.3 | 13.00 | 71.00 | 84.00 | OK | |
r-patched-linux-x86_64 | 1.0.3 | 6.99 | 49.24 | 56.23 | OK | |
r-release-linux-x86_64 | 1.0.3 | 6.33 | 49.46 | 55.79 | OK | |
r-release-macos-arm64 | 1.0.3 | 34.00 | NOTE | |||
r-release-macos-x86_64 | 1.0.3 | 52.00 | NOTE | |||
r-release-windows-x86_64 | 1.0.3 | 12.00 | 72.00 | 84.00 | NOTE | |
r-oldrel-macos-arm64 | 1.0.3 | 40.00 | NOTE | |||
r-oldrel-macos-x86_64 | 1.0.3 | 64.00 | NOTE | |||
r-oldrel-windows-x86_64 | 1.0.3 | 10.00 | 77.00 | 87.00 | NOTE |
Version: 1.0.3
Check: installed package size
Result: NOTE
installed size is 10.5Mb
sub-directories of 1Mb or more:
client 9.4Mb
doc 1.0Mb
Flavors: r-release-macos-arm64, r-release-macos-x86_64, r-release-windows-x86_64, r-oldrel-macos-arm64, r-oldrel-macos-x86_64, r-oldrel-windows-x86_64