Last updated on 2021-01-22 12:51:45 CET.
Flavor | Version | Tinstall | Tcheck | Ttotal | Status | Flags |
---|---|---|---|---|---|---|
r-devel-linux-x86_64-debian-clang | 0.7.2 | 177.08 | 41.46 | 218.54 | OK | |
r-devel-linux-x86_64-debian-gcc | 0.7.2 | 122.91 | 32.21 | 155.12 | OK | |
r-devel-linux-x86_64-fedora-clang | 0.7.2 | 343.82 | NOTE | |||
r-devel-linux-x86_64-fedora-gcc | 0.7.2 | 283.14 | OK | |||
r-devel-windows-ix86+x86_64 | 0.7.2 | 385.00 | 74.00 | 459.00 | OK | |
r-patched-linux-x86_64 | 0.7.2 | 153.79 | 39.95 | 193.74 | OK | |
r-patched-solaris-x86 | 0.7.2 | 232.00 | OK | |||
r-release-linux-x86_64 | 0.7.2 | 139.44 | 39.85 | 179.29 | OK | |
r-release-macos-x86_64 | 0.7.2 | NOTE | ||||
r-release-windows-ix86+x86_64 | 0.7.2 | 285.00 | 106.00 | 391.00 | OK | |
r-oldrel-macos-x86_64 | 0.7.2 | NOTE | ||||
r-oldrel-windows-ix86+x86_64 | 0.7.2 | 19.00 | 5.00 | 24.00 | ERROR |
Version: 0.7.2
Check: installed package size
Result: NOTE
installed size is 18.6Mb
sub-directories of 1Mb or more:
libs 18.2Mb
Flavors: r-devel-linux-x86_64-fedora-clang, r-release-macos-x86_64, r-oldrel-macos-x86_64
Version: 0.7.2
Check: whether package can be installed
Result: ERROR
Installation failed.
Flavor: r-oldrel-windows-ix86+x86_64