Last updated on 2024-04-17 13:57:48 CEST.
Flavor | Version | Tinstall | Tcheck | Ttotal | Status | Flags |
---|---|---|---|---|---|---|
r-devel-linux-x86_64-debian-clang | 0.7.0 | 8.84 | 76.72 | 85.56 | NOTE | |
r-devel-linux-x86_64-debian-gcc | 0.7.0 | 5.57 | 57.14 | 62.71 | NOTE | |
r-devel-linux-x86_64-fedora-clang | 0.7.0 | 111.82 | NOTE | |||
r-devel-linux-x86_64-fedora-gcc | 0.7.0 | 120.26 | NOTE | |||
r-prerel-macos-arm64 | 0.7.0 | 39.00 | NOTE | |||
r-prerel-windows-x86_64 | 0.7.0 | 9.00 | 75.00 | 84.00 | NOTE | |
r-patched-linux-x86_64 | 0.7.0 | 5.89 | 72.92 | 78.81 | NOTE | |
r-release-linux-x86_64 | 0.7.0 | 4.79 | 72.97 | 77.76 | OK | |
r-release-macos-arm64 | 0.7.0 | 51.00 | OK | |||
r-release-macos-x86_64 | 0.7.0 | 62.00 | OK | |||
r-release-windows-x86_64 | 0.7.0 | 9.00 | 86.00 | 95.00 | OK | |
r-oldrel-macos-arm64 | 0.7.0 | 38.00 | OK | |||
r-oldrel-windows-x86_64 | 0.7.0 | 10.00 | 88.00 | 98.00 | OK |
Version: 0.7.0
Check: Rd files
Result: NOTE
checkRd: (-1) milakes.Rd:10: Lost braces in \itemize; meant \describe ?
checkRd: (-1) milakes.Rd:11: Lost braces in \itemize; meant \describe ?
checkRd: (-1) milakes.Rd:12: Lost braces in \itemize; meant \describe ?
checkRd: (-1) milakes.Rd:13: Lost braces in \itemize; meant \describe ?
checkRd: (-1) milakes.Rd:14: Lost braces in \itemize; meant \describe ?
checkRd: (-1) milakes.Rd:15: Lost braces in \itemize; meant \describe ?
checkRd: (-1) milakes.Rd:16: Lost braces in \itemize; meant \describe ?
checkRd: (-1) milakes.Rd:17: Lost braces in \itemize; meant \describe ?
checkRd: (-1) milakes.Rd:18: Lost braces in \itemize; meant \describe ?
checkRd: (-1) milakes.Rd:19: Lost braces in \itemize; meant \describe ?
checkRd: (-1) milakes.Rd:20: Lost braces in \itemize; meant \describe ?
checkRd: (-1) milakes.Rd:21: Lost braces in \itemize; meant \describe ?
checkRd: (-1) milakes.Rd:22: Lost braces in \itemize; meant \describe ?
Flavors: r-devel-linux-x86_64-debian-clang, r-devel-linux-x86_64-debian-gcc, r-devel-linux-x86_64-fedora-clang, r-devel-linux-x86_64-fedora-gcc, r-prerel-macos-arm64, r-prerel-windows-x86_64, r-patched-linux-x86_64