CRAN Package Check Results for Package wishmom

Last updated on 2025-01-19 05:49:25 CET.

Flavor Version Tinstall Tcheck Ttotal Status Flags
r-devel-linux-x86_64-debian-clang 1.1.0 2.64 26.82 29.46 OK
r-devel-linux-x86_64-debian-gcc 1.1.0 1.99 20.72 22.71 OK
r-devel-linux-x86_64-fedora-clang 1.1.0 53.53 NOTE
r-devel-linux-x86_64-fedora-gcc 1.1.0 61.30 NOTE
r-devel-windows-x86_64 1.1.0 6.00 49.00 55.00 OK
r-patched-linux-x86_64 1.1.0 3.14 25.58 28.72 OK
r-release-linux-x86_64 1.1.0 2.84 25.62 28.46 OK
r-release-macos-arm64 1.1.0 26.00 OK
r-release-macos-x86_64 1.1.0 52.00 OK
r-release-windows-x86_64 1.1.0 6.00 52.00 58.00 OK
r-oldrel-macos-arm64 1.1.0 32.00 OK
r-oldrel-macos-x86_64 1.1.0 47.00 OK
r-oldrel-windows-x86_64 1.1.0 6.00 50.00 56.00 OK

Check Details

Version: 1.1.0
Check: dependencies in R code
Result: NOTE Namespace in Imports field not imported from: ‘roxygen2’ All declared Imports should be used. Flavors: r-devel-linux-x86_64-fedora-clang, r-devel-linux-x86_64-fedora-gcc