Last updated on 2025-01-19 05:49:25 CET.
Flavor | Version | Tinstall | Tcheck | Ttotal | Status | Flags |
---|---|---|---|---|---|---|
r-devel-linux-x86_64-debian-clang | 1.0.5 | 159.92 | 250.43 | 410.35 | OK | |
r-devel-linux-x86_64-debian-gcc | 1.0.5 | 110.77 | 155.62 | 266.39 | OK | |
r-devel-linux-x86_64-fedora-clang | 1.0.5 | 760.43 | OK | |||
r-devel-linux-x86_64-fedora-gcc | 1.0.5 | 781.43 | OK | |||
r-devel-windows-x86_64 | 1.0.5 | 168.00 | 244.00 | 412.00 | OK | |
r-patched-linux-x86_64 | 1.0.5 | 157.61 | 230.43 | 388.04 | OK | |
r-release-linux-x86_64 | 1.0.5 | 161.96 | 230.67 | 392.63 | OK | |
r-release-macos-arm64 | 1.0.5 | 181.00 | NOTE | |||
r-release-macos-x86_64 | 1.0.5 | 213.00 | NOTE | |||
r-release-windows-x86_64 | 1.0.5 | 163.00 | 245.00 | 408.00 | OK | |
r-oldrel-macos-arm64 | 1.0.5 | 212.00 | NOTE | |||
r-oldrel-macos-x86_64 | 1.0.5 | 364.00 | NOTE | |||
r-oldrel-windows-x86_64 | 1.0.5 | 180.00 | 301.00 | 481.00 | OK |
Version: 1.0.5
Check: installed package size
Result: NOTE
installed size is 8.7Mb
sub-directories of 1Mb or more:
libs 7.9Mb
Flavors: r-release-macos-arm64, r-release-macos-x86_64, r-oldrel-macos-arm64, r-oldrel-macos-x86_64
Version: 1.0.5
Check: package dependencies
Result: NOTE
Package suggested but not available for checking: ‘classInt’
Flavor: r-oldrel-macos-x86_64