CRAN Package Check Results for Package word2vec

Last updated on 2025-01-19 05:49:25 CET.

Flavor Version Tinstall Tcheck Ttotal Status Flags
r-devel-linux-x86_64-debian-clang 0.4.0 73.41 39.95 113.36 NOTE
r-devel-linux-x86_64-debian-gcc 0.4.0 56.54 29.57 86.11 NOTE
r-devel-linux-x86_64-fedora-clang 0.4.0 235.09 NOTE
r-devel-linux-x86_64-fedora-gcc 0.4.0 231.81 NOTE
r-devel-windows-x86_64 0.4.0 82.00 78.00 160.00 NOTE
r-patched-linux-x86_64 0.4.0 81.18 37.80 118.98 NOTE
r-release-linux-x86_64 0.4.0 79.33 37.53 116.86 NOTE
r-release-macos-arm64 0.4.0 55.00 NOTE
r-release-macos-x86_64 0.4.0 62.00 NOTE
r-release-windows-x86_64 0.4.0 85.00 80.00 165.00 NOTE
r-oldrel-macos-arm64 0.4.0 65.00 NOTE
r-oldrel-macos-x86_64 0.4.0 95.00 NOTE
r-oldrel-windows-x86_64 0.4.0 90.00 92.00 182.00 OK

Check Details

Version: 0.4.0
Check: Rd files
Result: NOTE checkRd: (-1) word2vec_similarity.Rd:30: Lost braces in \itemize; meant \describe ? checkRd: (-1) word2vec_similarity.Rd:31: Lost braces in \itemize; meant \describe ? Flavors: r-devel-linux-x86_64-debian-clang, r-devel-linux-x86_64-debian-gcc, r-devel-linux-x86_64-fedora-clang, r-devel-linux-x86_64-fedora-gcc, r-devel-windows-x86_64, r-patched-linux-x86_64, r-release-linux-x86_64, r-release-macos-arm64, r-release-macos-x86_64, r-release-windows-x86_64

Version: 0.4.0
Check: installed package size
Result: NOTE installed size is 5.2Mb sub-directories of 1Mb or more: libs 4.9Mb Flavors: r-release-macos-arm64, r-release-macos-x86_64, r-oldrel-macos-arm64, r-oldrel-macos-x86_64