CRAN Package Check Results for Package wordnet

Last updated on 2025-01-19 05:49:25 CET.

Flavor Version Tinstall Tcheck Ttotal Status Flags
r-devel-linux-x86_64-debian-clang 0.1-17 3.48 38.00 41.48 OK
r-devel-linux-x86_64-debian-gcc 0.1-17 2.75 28.97 31.72 OK
r-devel-linux-x86_64-fedora-clang 0.1-17 71.22 OK
r-devel-linux-x86_64-fedora-gcc 0.1-17 81.92 OK
r-devel-windows-x86_64 0.1-17 4.00 67.00 71.00 OK
r-patched-linux-x86_64 0.1-17 3.51 36.70 40.21 NOTE
r-release-linux-x86_64 0.1-17 2.80 36.62 39.42 NOTE
r-release-macos-arm64 0.1-17 50.00 NOTE
r-release-macos-x86_64 0.1-17 100.00 NOTE
r-release-windows-x86_64 0.1-17 5.00 65.00 70.00 NOTE
r-oldrel-macos-arm64 0.1-17 36.00 NOTE
r-oldrel-macos-x86_64 0.1-17 80.00 NOTE
r-oldrel-windows-x86_64 0.1-17 6.00 62.00 68.00 NOTE

Check Details

Version: 0.1-17
Check: package dependencies
Result: NOTE Package suggested but not available for checking: ‘wordnetDicts’ Flavors: r-patched-linux-x86_64, r-release-linux-x86_64, r-release-macos-arm64, r-release-macos-x86_64, r-release-windows-x86_64, r-oldrel-macos-arm64, r-oldrel-macos-x86_64, r-oldrel-windows-x86_64