Last updated on 2025-01-19 05:49:25 CET.
Flavor | Version | Tinstall | Tcheck | Ttotal | Status | Flags |
---|---|---|---|---|---|---|
r-devel-linux-x86_64-debian-clang | 0.2.0 | 52.24 | 80.39 | 132.63 | OK | |
r-devel-linux-x86_64-debian-gcc | 0.2.0 | 37.60 | 60.97 | 98.57 | OK | |
r-devel-linux-x86_64-fedora-clang | 0.2.0 | 253.36 | OK | |||
r-devel-linux-x86_64-fedora-gcc | 0.2.0 | 212.87 | OK | |||
r-devel-windows-x86_64 | 0.2.0 | 58.00 | 121.00 | 179.00 | OK | |
r-patched-linux-x86_64 | 0.2.0 | 51.68 | 76.71 | 128.39 | OK | |
r-release-linux-x86_64 | 0.2.0 | 52.65 | 77.15 | 129.80 | OK | |
r-release-macos-arm64 | 0.2.0 | 68.00 | NOTE | |||
r-release-macos-x86_64 | 0.2.0 | 136.00 | NOTE | |||
r-release-windows-x86_64 | 0.2.0 | 56.00 | 114.00 | 170.00 | OK | |
r-oldrel-macos-arm64 | 0.2.0 | 76.00 | NOTE | |||
r-oldrel-macos-x86_64 | 0.2.0 | 140.00 | NOTE | |||
r-oldrel-windows-x86_64 | 0.2.0 | 67.00 | 136.00 | 203.00 | NOTE |
Version: 0.2.0
Check: installed package size
Result: NOTE
installed size is 6.2Mb
sub-directories of 1Mb or more:
data 3.8Mb
libs 2.2Mb
Flavors: r-release-macos-arm64, r-release-macos-x86_64, r-oldrel-macos-arm64, r-oldrel-macos-x86_64, r-oldrel-windows-x86_64