Last updated on 2024-04-17 13:57:48 CEST.
Flavor | Version | Tinstall | Tcheck | Ttotal | Status | Flags |
---|---|---|---|---|---|---|
r-devel-linux-x86_64-debian-clang | 1.1.1 | 23.52 | 35.45 | 58.97 | NOTE | |
r-devel-linux-x86_64-debian-gcc | 1.1.1 | 17.81 | 26.97 | 44.78 | NOTE | |
r-devel-linux-x86_64-fedora-clang | 1.1.1 | 83.44 | NOTE | |||
r-devel-linux-x86_64-fedora-gcc | 1.1.1 | 80.27 | NOTE | |||
r-prerel-macos-arm64 | 1.1.1 | 24.00 | NOTE | |||
r-prerel-windows-x86_64 | 1.1.1 | 19.00 | 62.00 | 81.00 | NOTE | |
r-patched-linux-x86_64 | 1.1.1 | 22.59 | 34.06 | 56.65 | NOTE | |
r-release-linux-x86_64 | 1.1.1 | 21.78 | 33.07 | 54.85 | NOTE | |
r-release-macos-arm64 | 1.1.1 | 26.00 | NOTE | |||
r-release-macos-x86_64 | 1.1.1 | 39.00 | NOTE | |||
r-release-windows-x86_64 | 1.1.1 | 26.00 | 75.00 | 101.00 | NOTE | |
r-oldrel-macos-arm64 | 1.1.1 | 27.00 | NOTE | |||
r-oldrel-windows-x86_64 | 1.1.1 | 25.00 | 72.00 | 97.00 | NOTE |
Version: 1.1.1
Check: LazyData
Result: NOTE
'LazyData' is specified without a 'data' directory
Flavors: r-devel-linux-x86_64-debian-clang, r-devel-linux-x86_64-debian-gcc, r-devel-linux-x86_64-fedora-clang, r-devel-linux-x86_64-fedora-gcc, r-prerel-macos-arm64, r-prerel-windows-x86_64, r-patched-linux-x86_64, r-release-linux-x86_64, r-release-macos-arm64, r-release-macos-x86_64, r-release-windows-x86_64, r-oldrel-macos-arm64, r-oldrel-windows-x86_64