CRAN Package Check Results for Package xaringan

Last updated on 2025-01-19 05:49:25 CET.

Flavor Version Tinstall Tcheck Ttotal Status Flags
r-devel-linux-x86_64-debian-clang 0.30 3.53 31.03 34.56 NOTE
r-devel-linux-x86_64-debian-gcc 0.30 2.38 24.28 26.66 NOTE
r-devel-linux-x86_64-fedora-clang 0.30 56.93 OK
r-devel-linux-x86_64-fedora-gcc 0.30 71.09 OK
r-devel-windows-x86_64 0.30 6.00 54.00 60.00 NOTE
r-patched-linux-x86_64 0.30 7.12 29.53 36.65 OK
r-release-linux-x86_64 0.30 2.96 29.42 32.38 OK
r-release-macos-arm64 0.30 26.00 OK
r-release-macos-x86_64 0.30 39.00 OK
r-release-windows-x86_64 0.30 6.00 59.00 65.00 OK
r-oldrel-macos-arm64 0.30 34.00 OK
r-oldrel-macos-x86_64 0.30 61.00 OK
r-oldrel-windows-x86_64 0.30 7.00 56.00 63.00 OK

Check Details

Version: 0.30
Check: Rd cross-references
Result: NOTE Found the following Rd file(s) with Rd \link{} targets missing package anchors: inf_mr.Rd: httw moon_reader.Rd: html_document Please provide package anchors for all Rd \link{} targets not in the package itself and the base packages. Flavors: r-devel-linux-x86_64-debian-clang, r-devel-linux-x86_64-debian-gcc, r-devel-windows-x86_64