CRAN Package Check Results for Package xmlconvert

Last updated on 2025-01-19 05:49:25 CET.

Flavor Version Tinstall Tcheck Ttotal Status Flags
r-devel-linux-x86_64-debian-clang 0.1.2 1.61 22.18 23.79 NOTE
r-devel-linux-x86_64-debian-gcc 0.1.2 1.51 17.74 19.25 NOTE
r-devel-linux-x86_64-fedora-clang 0.1.2 41.30 NOTE
r-devel-linux-x86_64-fedora-gcc 0.1.2 37.56 NOTE
r-devel-windows-x86_64 0.1.2 6.00 44.00 50.00 NOTE
r-patched-linux-x86_64 0.1.2 2.12 21.55 23.67 NOTE
r-release-linux-x86_64 0.1.2 1.49 21.42 22.91 NOTE
r-release-macos-arm64 0.1.2 17.00 NOTE
r-release-macos-x86_64 0.1.2 23.00 NOTE
r-release-windows-x86_64 0.1.2 6.00 48.00 54.00 NOTE
r-oldrel-macos-arm64 0.1.2 17.00 OK
r-oldrel-macos-x86_64 0.1.2 21.00 OK
r-oldrel-windows-x86_64 0.1.2 3.00 46.00 49.00 OK

Check Details

Version: 0.1.2
Check: Rd files
Result: NOTE checkRd: (-1) xml_to_df.Rd:144: Lost braces; missing escapes or markup? 144 | Default {NULL} means the workbook will not be protected with a password} | ^ Flavors: r-devel-linux-x86_64-debian-clang, r-devel-linux-x86_64-debian-gcc, r-devel-linux-x86_64-fedora-clang, r-devel-linux-x86_64-fedora-gcc, r-devel-windows-x86_64, r-patched-linux-x86_64, r-release-linux-x86_64, r-release-macos-arm64, r-release-macos-x86_64, r-release-windows-x86_64