Last updated on 2024-04-17 13:57:48 CEST.
Flavor | Version | Tinstall | Tcheck | Ttotal | Status | Flags |
---|---|---|---|---|---|---|
r-devel-linux-x86_64-debian-clang | 0.1.2 | 32.11 | 32.07 | 64.18 | NOTE | |
r-devel-linux-x86_64-debian-gcc | 0.1.2 | 19.91 | 24.63 | 44.54 | NOTE | |
r-devel-linux-x86_64-fedora-clang | 0.1.2 | 89.03 | NOTE | |||
r-devel-linux-x86_64-fedora-gcc | 0.1.2 | 82.43 | NOTE | |||
r-prerel-macos-arm64 | 0.1.2 | 27.00 | NOTE | |||
r-prerel-windows-x86_64 | 0.1.2 | 25.00 | 63.00 | 88.00 | OK | |
r-patched-linux-x86_64 | 0.1.2 | 22.68 | 30.05 | 52.73 | NOTE | |
r-release-linux-x86_64 | 0.1.2 | 24.64 | 31.12 | 55.76 | NOTE | |
r-release-macos-arm64 | 0.1.2 | 27.00 | OK | |||
r-release-macos-x86_64 | 0.1.2 | 39.00 | OK | |||
r-release-windows-x86_64 | 0.1.2 | 33.00 | 68.00 | 101.00 | OK | |
r-oldrel-macos-arm64 | 0.1.2 | 24.00 | OK | |||
r-oldrel-windows-x86_64 | 0.1.2 | 30.00 | 67.00 | 97.00 | OK |
Version: 0.1.2
Check: package dependencies
Result: NOTE
Package suggested but not available for checking: ‘rbokeh’
Flavors: r-devel-linux-x86_64-debian-clang, r-devel-linux-x86_64-debian-gcc, r-devel-linux-x86_64-fedora-clang, r-devel-linux-x86_64-fedora-gcc, r-prerel-macos-arm64, r-patched-linux-x86_64, r-release-linux-x86_64