Last updated on 2025-01-19 05:49:25 CET.
Flavor | Version | Tinstall | Tcheck | Ttotal | Status | Flags |
---|---|---|---|---|---|---|
r-devel-linux-x86_64-debian-clang | 0.4.0 | 9.43 | 70.43 | 79.86 | OK | |
r-devel-linux-x86_64-debian-gcc | 0.4.0 | 6.68 | 47.47 | 54.15 | OK | |
r-devel-linux-x86_64-fedora-clang | 0.4.0 | 131.29 | OK | |||
r-devel-linux-x86_64-fedora-gcc | 0.4.0 | 112.27 | OK | |||
r-devel-windows-x86_64 | 0.4.0 | 13.00 | 79.00 | 92.00 | OK | |
r-patched-linux-x86_64 | 0.4.0 | 8.44 | 62.29 | 70.73 | OK | |
r-release-linux-x86_64 | 0.4.0 | 7.68 | 61.35 | 69.03 | OK | |
r-release-macos-arm64 | 0.4.0 | 40.00 | OK | |||
r-release-macos-x86_64 | 0.4.0 | 52.00 | OK | |||
r-release-windows-x86_64 | 0.4.0 | 10.00 | 82.00 | 92.00 | OK | |
r-oldrel-macos-arm64 | 0.4.0 | 39.00 | OK | |||
r-oldrel-macos-x86_64 | 0.4.0 | 62.00 | NOTE | |||
r-oldrel-windows-x86_64 | 0.4.0 | 14.00 | 90.00 | 104.00 | OK |
Version: 0.4.0
Check: package dependencies
Result: NOTE
Package suggested but not available for checking: ‘nlmixr2’
Flavor: r-oldrel-macos-x86_64