Last updated on 2025-01-19 05:49:25 CET.
Flavor | Version | Tinstall | Tcheck | Ttotal | Status | Flags |
---|---|---|---|---|---|---|
r-devel-linux-x86_64-debian-clang | 1.0.0 | 83.76 | 48.62 | 132.38 | OK | |
r-devel-linux-x86_64-debian-gcc | 1.0.0 | 75.41 | 42.17 | 117.58 | OK | |
r-devel-linux-x86_64-fedora-clang | 1.0.0 | 212.63 | OK | |||
r-devel-linux-x86_64-fedora-gcc | 1.0.0 | 281.00 | OK | |||
r-devel-windows-x86_64 | 1.0.0 | 79.00 | 104.00 | 183.00 | OK | |
r-patched-linux-x86_64 | 1.0.0 | 99.32 | 54.03 | 153.35 | OK | |
r-release-linux-x86_64 | 1.0.0 | 98.83 | 54.09 | 152.92 | OK | |
r-release-macos-arm64 | 1.0.0 | 70.00 | NOTE | |||
r-release-macos-x86_64 | 1.0.0 | 128.00 | NOTE | |||
r-release-windows-x86_64 | 1.0.0 | 78.00 | 104.00 | 182.00 | OK | |
r-oldrel-macos-arm64 | 1.0.0 | 70.00 | NOTE | |||
r-oldrel-macos-x86_64 | 1.0.0 | 107.00 | NOTE | |||
r-oldrel-windows-x86_64 | 1.0.0 | 90.00 | 118.00 | 208.00 | OK |
Version: 1.0.0
Check: installed package size
Result: NOTE
installed size is 25.2Mb
sub-directories of 1Mb or more:
libs 24.7Mb
Flavors: r-release-macos-arm64, r-release-macos-x86_64, r-oldrel-macos-arm64, r-oldrel-macos-x86_64