CRAN Package Check Results for Package xtable

Last updated on 2019-11-16 12:48:28 CET.

Flavor Version Tinstall Tcheck Ttotal Status Flags
r-devel-linux-x86_64-debian-clang 1.8-4 2.33 52.91 55.24 NOTE
r-devel-linux-x86_64-debian-gcc 1.8-4 2.36 41.31 43.67 NOTE
r-devel-linux-x86_64-fedora-clang 1.8-4 74.12 NOTE
r-devel-linux-x86_64-fedora-gcc 1.8-4 70.97 NOTE
r-devel-windows-ix86+x86_64 1.8-4 13.00 79.00 92.00 OK
r-patched-linux-x86_64 1.8-4 1.94 51.11 53.05 OK
r-patched-solaris-x86 1.8-4 94.70 OK
r-release-linux-x86_64 1.8-4 1.98 50.77 52.75 OK
r-release-windows-ix86+x86_64 1.8-4 8.00 126.00 134.00 OK
r-release-osx-x86_64 1.8-4 OK
r-oldrel-windows-ix86+x86_64 1.8-4 10.00 99.00 109.00 OK
r-oldrel-osx-x86_64 1.8-4 OK

Check Details

Version: 1.8-4
Check: for non-standard things in the check directory
Result: NOTE
    Found the following files/directories:
     'xtable.html' 'xtable.tex'
Flavors: r-devel-linux-x86_64-debian-clang, r-devel-linux-x86_64-debian-gcc, r-devel-linux-x86_64-fedora-clang, r-devel-linux-x86_64-fedora-gcc