CRAN Package Check Results for Package xtable

Last updated on 2020-05-30 12:48:27 CEST.

Flavor Version Tinstall Tcheck Ttotal Status Flags
r-devel-linux-x86_64-debian-clang 1.8-4 2.31 56.18 58.49 NOTE
r-devel-linux-x86_64-debian-gcc 1.8-4 2.27 45.06 47.33 NOTE
r-devel-linux-x86_64-fedora-clang 1.8-4 79.40 NOTE
r-devel-linux-x86_64-fedora-gcc 1.8-4 76.37 NOTE
r-devel-windows-ix86+x86_64 1.8-4 11.00 131.00 142.00 OK
r-patched-linux-x86_64 1.8-4 2.99 56.39 59.38 NOTE
r-patched-solaris-x86 1.8-4 102.30 NOTE
r-release-linux-x86_64 1.8-4 2.75 55.89 58.64 NOTE
r-release-osx-x86_64 1.8-4 OK
r-release-windows-ix86+x86_64 1.8-4 11.00 127.00 138.00 OK
r-oldrel-osx-x86_64 1.8-4 OK
r-oldrel-windows-ix86+x86_64 1.8-4 12.00 87.00 99.00 OK

Check Details

Version: 1.8-4
Check: for non-standard things in the check directory
Result: NOTE
    Found the following files/directories:
     'xtable.html' 'xtable.tex'
Flavors: r-devel-linux-x86_64-debian-clang, r-devel-linux-x86_64-debian-gcc, r-devel-linux-x86_64-fedora-clang, r-devel-linux-x86_64-fedora-gcc, r-patched-linux-x86_64, r-patched-solaris-x86, r-release-linux-x86_64