Last updated on 2025-01-19 05:49:25 CET.
Flavor | Version | Tinstall | Tcheck | Ttotal | Status | Flags |
---|---|---|---|---|---|---|
r-devel-linux-x86_64-debian-clang | 0.2-3 | 6.37 | 55.22 | 61.59 | NOTE | |
r-devel-linux-x86_64-debian-gcc | 0.2-3 | 4.20 | 42.65 | 46.85 | NOTE | |
r-devel-linux-x86_64-fedora-clang | 0.2-3 | 98.93 | NOTE | |||
r-devel-linux-x86_64-fedora-gcc | 0.2-3 | 95.06 | NOTE | |||
r-devel-windows-x86_64 | 0.2-3 | 7.00 | 70.00 | 77.00 | NOTE | |
r-patched-linux-x86_64 | 0.2-3 | 6.32 | 52.77 | 59.09 | NOTE | |
r-release-linux-x86_64 | 0.2-3 | 5.96 | 51.67 | 57.63 | NOTE | |
r-release-macos-arm64 | 0.2-3 | 32.00 | NOTE | |||
r-release-macos-x86_64 | 0.2-3 | 46.00 | NOTE | |||
r-release-windows-x86_64 | 0.2-3 | 7.00 | 70.00 | 77.00 | NOTE | |
r-oldrel-macos-arm64 | 0.2-3 | 33.00 | OK | |||
r-oldrel-macos-x86_64 | 0.2-3 | 52.00 | OK | |||
r-oldrel-windows-x86_64 | 0.2-3 | 7.00 | 73.00 | 80.00 | OK |
Version: 0.2-3
Check: Rd files
Result: NOTE
checkRd: (-1) xwfGridsearch.Rd:27: Lost braces; missing escapes or markup?
27 | \item{iter}{Number of levels in the adaptive grid search. The resolution in b obtained is 2^{-1-iter}.}
| ^
Flavors: r-devel-linux-x86_64-debian-clang, r-devel-linux-x86_64-debian-gcc, r-devel-linux-x86_64-fedora-clang, r-devel-linux-x86_64-fedora-gcc, r-devel-windows-x86_64, r-patched-linux-x86_64, r-release-linux-x86_64, r-release-macos-arm64, r-release-macos-x86_64, r-release-windows-x86_64