Last updated on 2025-01-19 05:49:25 CET.
Flavor | Version | Tinstall | Tcheck | Ttotal | Status | Flags |
---|---|---|---|---|---|---|
r-devel-linux-x86_64-debian-clang | 2.1.2 | 10.15 | 68.75 | 78.90 | NOTE | |
r-devel-linux-x86_64-debian-gcc | 2.1.2 | 6.24 | 47.39 | 53.63 | NOTE | |
r-devel-linux-x86_64-fedora-clang | 2.1.2 | 128.30 | NOTE | |||
r-devel-linux-x86_64-fedora-gcc | 2.1.2 | 119.29 | NOTE | |||
r-devel-windows-x86_64 | 2.1.2 | 11.00 | 80.00 | 91.00 | NOTE | |
r-patched-linux-x86_64 | 2.1.2 | 10.41 | 63.52 | 73.93 | NOTE | |
r-release-linux-x86_64 | 2.1.2 | 9.28 | 62.56 | 71.84 | NOTE | |
r-release-macos-arm64 | 2.1.2 | 35.00 | NOTE | |||
r-release-macos-x86_64 | 2.1.2 | 54.00 | NOTE | |||
r-release-windows-x86_64 | 2.1.2 | 12.00 | 84.00 | 96.00 | NOTE | |
r-oldrel-macos-arm64 | 2.1.2 | 35.00 | OK | |||
r-oldrel-macos-x86_64 | 2.1.2 | 58.00 | OK | |||
r-oldrel-windows-x86_64 | 2.1.2 | 13.00 | 93.00 | 106.00 | OK |
Version: 2.1.2
Check: Rd files
Result: NOTE
checkRd: (-1) cat_sim.Rd:110: Lost braces; missing escapes or markup?
110 | \code{min} and {max} are mandatory for setting limits on the test length. User-defined
| ^
Flavors: r-devel-linux-x86_64-debian-clang, r-devel-linux-x86_64-debian-gcc, r-devel-linux-x86_64-fedora-clang, r-devel-linux-x86_64-fedora-gcc, r-devel-windows-x86_64, r-patched-linux-x86_64, r-release-linux-x86_64, r-release-macos-arm64, r-release-macos-x86_64, r-release-windows-x86_64