Last updated on 2025-01-19 05:49:25 CET.
Flavor | Version | Tinstall | Tcheck | Ttotal | Status | Flags |
---|---|---|---|---|---|---|
r-devel-linux-x86_64-debian-clang | 1.3.1 | 12.68 | 183.30 | 195.98 | NOTE | |
r-devel-linux-x86_64-debian-gcc | 1.3.1 | 8.03 | 112.00 | 120.03 | NOTE | |
r-devel-linux-x86_64-fedora-clang | 1.3.1 | 322.85 | OK | |||
r-devel-linux-x86_64-fedora-gcc | 1.3.1 | 322.62 | OK | |||
r-devel-windows-x86_64 | 1.3.1 | 16.00 | 211.00 | 227.00 | NOTE | |
r-patched-linux-x86_64 | 1.3.1 | 14.48 | 170.38 | 184.86 | OK | |
r-release-linux-x86_64 | 1.3.1 | 11.29 | 169.74 | 181.03 | OK | |
r-release-macos-arm64 | 1.3.1 | 88.00 | OK | |||
r-release-macos-x86_64 | 1.3.1 | 157.00 | OK | |||
r-release-windows-x86_64 | 1.3.1 | 15.00 | 205.00 | 220.00 | OK | |
r-oldrel-macos-arm64 | 1.3.1 | 89.00 | OK | |||
r-oldrel-macos-x86_64 | 1.3.1 | 219.00 | OK | |||
r-oldrel-windows-x86_64 | 1.3.1 | 18.00 | 257.00 | 275.00 | OK |
Version: 1.3.1
Check: Rd cross-references
Result: NOTE
Found the following Rd file(s) with Rd \link{} targets missing package
anchors:
lung_surv.Rd: lung
Please provide package anchors for all Rd \link{} targets not in the
package itself and the base packages.
Flavors: r-devel-linux-x86_64-debian-clang, r-devel-linux-x86_64-debian-gcc, r-devel-windows-x86_64