CRAN Package Check Results for Package yarr

Last updated on 2019-10-14 12:48:11 CEST.

Flavor Version Tinstall Tcheck Ttotal Status Flags
r-devel-linux-x86_64-debian-clang 0.1.2 1.80 17.69 19.49 OK
r-devel-linux-x86_64-debian-gcc 0.1.2 1.55 14.58 16.13 OK
r-devel-linux-x86_64-fedora-clang 0.1.2 24.75 OK
r-devel-linux-x86_64-fedora-gcc 0.1.2 24.19 OK
r-devel-windows-ix86+x86_64 0.1.2 5.00 45.00 50.00 OK
r-patched-linux-x86_64 0.1.2 1.60 17.47 19.07 OK
r-patched-solaris-x86 0.1.2 37.20 OK
r-release-linux-x86_64 0.1.2 1.41 17.58 18.99 OK
r-release-windows-ix86+x86_64 0.1.2 5.00 30.00 35.00 OK
r-release-osx-x86_64 0.1.2 OK
r-oldrel-osx-x86_64 0.1.2 ERROR

Check Details

Version: 0.1.2
Check: whether package can be installed
Result: ERROR
    Installation failed.
Flavor: r-oldrel-osx-x86_64