CRAN Package Check Results for Package yarr

Last updated on 2020-02-28 12:47:43 CET.

Flavor Version Tinstall Tcheck Ttotal Status Flags
r-devel-linux-x86_64-debian-clang 0.1.2 1.98 20.15 22.13 OK
r-devel-linux-x86_64-debian-gcc 0.1.2 1.55 16.13 17.68 OK
r-devel-linux-x86_64-fedora-clang 0.1.2 29.45 OK
r-devel-linux-x86_64-fedora-gcc 0.1.2 26.96 OK
r-devel-windows-ix86+x86_64 0.1.2 5.00 35.00 40.00 OK
r-devel-windows-ix86+x86_64-gcc8 0.1.2 6.00 41.00 47.00 OK
r-patched-linux-x86_64 0.1.2 1.77 18.61 20.38 OK
r-patched-solaris-x86 0.1.2 39.60 OK
r-release-linux-x86_64 0.1.2 1.69 18.69 20.38 OK
r-release-windows-ix86+x86_64 0.1.2 4.00 45.00 49.00 OK
r-release-osx-x86_64 0.1.2 OK
r-oldrel-osx-x86_64 0.1.2 ERROR

Check Details

Version: 0.1.2
Check: whether package can be installed
Result: ERROR
    Installation failed.
Flavor: r-oldrel-osx-x86_64