Last updated on 2024-05-01 16:53:17 CEST.
Flavor | Version | Tinstall | Tcheck | Ttotal | Status | Flags |
---|---|---|---|---|---|---|
r-devel-linux-x86_64-debian-clang | 0.1.2 | 49.37 | 101.43 | 150.80 | NOTE | |
r-devel-linux-x86_64-debian-gcc | 0.1.2 | 37.94 | 76.79 | 114.73 | NOTE | |
r-devel-linux-x86_64-fedora-clang | 0.2.0 | 331.26 | OK | |||
r-devel-linux-x86_64-fedora-gcc | 0.2.0 | 311.92 | OK | |||
r-devel-windows-x86_64 | 0.1.2 | 41.00 | 109.00 | 150.00 | NOTE | |
r-patched-linux-x86_64 | 0.1.2 | 43.37 | 97.93 | 141.30 | NOTE | |
r-release-linux-x86_64 | 0.1.2 | 44.09 | 98.85 | 142.94 | NOTE | |
r-release-macos-arm64 | 0.1.2 | 50.00 | NOTE | |||
r-release-macos-x86_64 | 0.2.0 | 245.00 | OK | |||
r-release-windows-x86_64 | 0.1.2 | 41.00 | 106.00 | 147.00 | NOTE | |
r-oldrel-macos-arm64 | 0.1.2 | 59.00 | NOTE | |||
r-oldrel-macos-x86_64 | 0.2.0 | 183.00 | OK | |||
r-oldrel-windows-x86_64 | 0.1.2 | 50.00 | 131.00 | 181.00 | NOTE |
Version: 0.1.2
Check: C++ specification
Result: NOTE
Specified C++11: please drop specification unless essential
Flavors: r-devel-linux-x86_64-debian-clang, r-devel-linux-x86_64-debian-gcc, r-devel-windows-x86_64, r-patched-linux-x86_64, r-release-linux-x86_64, r-release-macos-arm64, r-release-windows-x86_64, r-oldrel-macos-arm64, r-oldrel-windows-x86_64