Last updated on 2025-01-19 05:49:25 CET.
Flavor | Version | Tinstall | Tcheck | Ttotal | Status | Flags |
---|---|---|---|---|---|---|
r-devel-linux-x86_64-debian-clang | 0.1.4 | 50.69 | 18.79 | 69.48 | OK | |
r-devel-linux-x86_64-debian-gcc | 0.1.4 | 39.76 | 15.87 | 55.63 | OK | |
r-devel-linux-x86_64-fedora-clang | 0.1.4 | 145.09 | OK | |||
r-devel-linux-x86_64-fedora-gcc | 0.1.4 | 148.07 | OK | |||
r-devel-windows-x86_64 | 0.1.4 | 99.00 | 57.00 | 156.00 | OK | |
r-patched-linux-x86_64 | 0.1.4 | 49.83 | 18.32 | 68.15 | OK | |
r-release-linux-x86_64 | 0.1.4 | 49.75 | 18.17 | 67.92 | OK | |
r-release-macos-arm64 | 0.1.4 | 51.00 | NOTE | |||
r-release-macos-x86_64 | 0.1.4 | 66.00 | NOTE | |||
r-release-windows-x86_64 | 0.1.4 | 90.00 | 62.00 | 152.00 | OK | |
r-oldrel-macos-arm64 | 0.1.4 | 57.00 | NOTE | |||
r-oldrel-macos-x86_64 | 0.1.4 | 68.00 | NOTE | |||
r-oldrel-windows-x86_64 | 0.1.4 | 93.00 | 68.00 | 161.00 | OK |
Version: 0.1.4
Check: installed package size
Result: NOTE
installed size is 7.7Mb
sub-directories of 1Mb or more:
libs 7.6Mb
Flavors: r-release-macos-arm64, r-release-macos-x86_64, r-oldrel-macos-arm64, r-oldrel-macos-x86_64