Last updated on 2024-04-17 13:57:48 CEST.
Flavor | Version | Tinstall | Tcheck | Ttotal | Status | Flags |
---|---|---|---|---|---|---|
r-devel-linux-x86_64-debian-clang | 1.15.27 | 176.10 | 253.15 | 429.25 | OK | |
r-devel-linux-x86_64-debian-gcc | 1.15.27 | 128.24 | 187.26 | 315.50 | OK | |
r-devel-linux-x86_64-fedora-clang | 1.15.27 | 518.31 | OK | |||
r-devel-linux-x86_64-fedora-gcc | 1.15.27 | 517.48 | OK | |||
r-prerel-macos-arm64 | 1.15.27 | 119.00 | NOTE | |||
r-prerel-macos-x86_64 | 1.15.27 | 351.00 | NOTE | |||
r-prerel-windows-x86_64 | 1.15.27 | 132.00 | 244.00 | 376.00 | OK | |
r-patched-linux-x86_64 | 1.15.27 | 168.17 | 247.37 | 415.54 | OK | |
r-release-linux-x86_64 | 1.15.27 | 154.92 | 248.99 | 403.91 | OK | |
r-release-macos-arm64 | 1.15.27 | 128.00 | NOTE | |||
r-release-macos-x86_64 | 1.15.27 | 299.00 | NOTE | |||
r-release-windows-x86_64 | 1.15.27 | 167.00 | 318.00 | 485.00 | OK | |
r-oldrel-macos-arm64 | 1.15.27 | 122.00 | NOTE | |||
r-oldrel-windows-x86_64 | 1.15.27 | 163.00 | 262.00 | 425.00 | OK |
Version: 1.15.27
Check: installed package size
Result: NOTE
installed size is 8.7Mb
sub-directories of 1Mb or more:
R 3.0Mb
libs 4.6Mb
Flavors: r-prerel-macos-arm64, r-prerel-macos-x86_64, r-release-macos-arm64, r-release-macos-x86_64, r-oldrel-macos-arm64