CRAN Package Check Results for Package zen4R

Last updated on 2025-01-19 05:49:25 CET.

Flavor Version Tinstall Tcheck Ttotal Status Flags
r-devel-linux-x86_64-debian-clang 0.10 16.13 92.19 108.32 NOTE
r-devel-linux-x86_64-debian-gcc 0.10 9.40 61.45 70.85 NOTE
r-devel-linux-x86_64-fedora-clang 0.10 171.47 OK
r-devel-linux-x86_64-fedora-gcc 0.10 173.26 OK
r-devel-windows-x86_64 0.10 17.00 108.00 125.00 NOTE
r-patched-linux-x86_64 0.10 21.42 83.43 104.85 OK
r-release-linux-x86_64 0.10 13.10 83.47 96.57 OK
r-release-macos-arm64 0.10 52.00 OK
r-release-macos-x86_64 0.10 137.00 OK
r-release-windows-x86_64 0.10 18.00 107.00 125.00 OK
r-oldrel-macos-arm64 0.10 57.00 OK
r-oldrel-macos-x86_64 0.10 126.00 OK
r-oldrel-windows-x86_64 0.10 21.00 127.00 148.00 OK

Check Details

Version: 0.10
Check: Rd cross-references
Result: NOTE Found the following Rd file(s) with Rd \link{} targets missing package anchors: ZenodoManager.Rd: R6Class ZenodoRecord.Rd: R6Class, DCEntry ZenodoRequest.Rd: R6Class zen4RLogger.Rd: R6Class Please provide package anchors for all Rd \link{} targets not in the package itself and the base packages. Flavors: r-devel-linux-x86_64-debian-clang, r-devel-linux-x86_64-debian-gcc, r-devel-windows-x86_64