Last updated on 2024-05-01 16:53:17 CEST.
Flavor | Version | Tinstall | Tcheck | Ttotal | Status | Flags |
---|---|---|---|---|---|---|
r-devel-linux-x86_64-debian-clang | 1.0.2 | 10.35 | 98.65 | 109.00 | NOTE | |
r-devel-linux-x86_64-debian-gcc | 1.0.2 | 9.18 | 75.47 | 84.65 | NOTE | |
r-devel-linux-x86_64-fedora-clang | 1.0.2 | 141.01 | NOTE | |||
r-devel-linux-x86_64-fedora-gcc | 1.0.2 | 138.54 | NOTE | |||
r-devel-windows-x86_64 | 1.0.2 | 11.00 | 98.00 | 109.00 | NOTE | |
r-patched-linux-x86_64 | 1.0.2 | 7.02 | 96.12 | 103.14 | NOTE | |
r-release-linux-x86_64 | 1.0.2 | 6.84 | 96.16 | 103.00 | NOTE | |
r-release-macos-arm64 | 1.0.2 | 44.00 | NOTE | |||
r-release-windows-x86_64 | 1.0.2 | 10.00 | 98.00 | 108.00 | NOTE | |
r-oldrel-macos-arm64 | 1.0.2 | 43.00 | NOTE | |||
r-oldrel-macos-x86_64 | 1.0.2 | 71.00 | NOTE | |||
r-oldrel-windows-x86_64 | 1.0.2 | 14.00 | 109.00 | 123.00 | NOTE |
Version: 1.0.2
Check: LazyData
Result: NOTE
'LazyData' is specified without a 'data' directory
Flavors: r-devel-linux-x86_64-debian-clang, r-devel-linux-x86_64-debian-gcc, r-devel-linux-x86_64-fedora-clang, r-devel-linux-x86_64-fedora-gcc, r-devel-windows-x86_64, r-patched-linux-x86_64, r-release-linux-x86_64, r-release-macos-arm64, r-release-windows-x86_64, r-oldrel-macos-arm64, r-oldrel-macos-x86_64, r-oldrel-windows-x86_64