Last updated on 2025-01-19 05:49:25 CET.
Flavor | Version | Tinstall | Tcheck | Ttotal | Status | Flags |
---|---|---|---|---|---|---|
r-devel-linux-x86_64-debian-clang | 1.6 | 8.28 | 51.48 | 59.76 | NOTE | |
r-devel-linux-x86_64-debian-gcc | 1.6 | 7.43 | 33.53 | 40.96 | NOTE | |
r-devel-linux-x86_64-fedora-clang | 1.6 | 102.66 | OK | |||
r-devel-linux-x86_64-fedora-gcc | 1.6 | 91.57 | OK | |||
r-devel-windows-x86_64 | 1.6 | 8.00 | 70.00 | 78.00 | NOTE | |
r-patched-linux-x86_64 | 1.6 | 11.53 | 47.32 | 58.85 | OK | |
r-release-linux-x86_64 | 1.6 | 9.64 | 46.53 | 56.17 | OK | |
r-release-macos-arm64 | 1.6 | 26.00 | OK | |||
r-release-macos-x86_64 | 1.6 | 40.00 | OK | |||
r-release-windows-x86_64 | 1.6 | 9.00 | 70.00 | 79.00 | OK | |
r-oldrel-macos-arm64 | 1.6 | 28.00 | OK | |||
r-oldrel-macos-x86_64 | 1.6 | 77.00 | OK | |||
r-oldrel-windows-x86_64 | 1.6 | 9.00 | 73.00 | 82.00 | OK |
Version: 1.6
Check: Rd cross-references
Result: NOTE
Found the following Rd file(s) with Rd \link{} targets missing package
anchors:
zoib.Rd: Formula
Please provide package anchors for all Rd \link{} targets not in the
package itself and the base packages.
Flavors: r-devel-linux-x86_64-debian-clang, r-devel-linux-x86_64-debian-gcc, r-devel-windows-x86_64