CRAN Package Check Results for Package zooimage

Last updated on 2025-01-19 05:49:25 CET.

Flavor Version Tinstall Tcheck Ttotal Status Flags
r-devel-linux-x86_64-debian-clang 5.5.2 19.84 92.09 111.93 NOTE
r-devel-linux-x86_64-debian-gcc 5.5.2 12.43 61.85 74.28 NOTE
r-devel-linux-x86_64-fedora-clang 5.5.2 210.88 NOTE
r-devel-linux-x86_64-fedora-gcc 5.5.2 168.73 NOTE
r-devel-windows-x86_64 5.5.2 20.00 112.00 132.00 NOTE
r-patched-linux-x86_64 5.5.2 19.07 85.87 104.94 NOTE
r-release-linux-x86_64 5.5.2 16.51 85.35 101.86 NOTE
r-release-macos-arm64 5.5.2 47.00 NOTE
r-release-macos-x86_64 5.5.2 90.00 NOTE
r-release-windows-x86_64 5.5.2 18.00 114.00 132.00 NOTE
r-oldrel-macos-arm64 5.5.2 53.00 NOTE
r-oldrel-macos-x86_64 5.5.2 92.00 NOTE
r-oldrel-windows-x86_64 5.5.2 19.00 131.00 150.00 NOTE

Check Details

Version: 5.5.2
Check: Rd files
Result: NOTE checkRd: (-1) ZIClass.Rd:87: Escaped LaTeX specials: \_ checkRd: (-1) ZITrain.Rd:72: Escaped LaTeX specials: \_ checkRd: (-1) ZITrain.Rd:74: Escaped LaTeX specials: \_ checkRd: (-1) zid.Rd:45: Escaped LaTeX specials: \_ checkRd: (-1) zim.Rd:63: Escaped LaTeX specials: \_ checkRd: (-1) zim.Rd:182: Lost braces 182 | dQuote{tab-delimited text file} when you have done and close the spreadsheet | ^ Flavors: r-devel-linux-x86_64-debian-clang, r-devel-linux-x86_64-debian-gcc, r-devel-linux-x86_64-fedora-clang, r-devel-linux-x86_64-fedora-gcc, r-devel-windows-x86_64, r-patched-linux-x86_64, r-release-linux-x86_64, r-release-macos-arm64, r-release-macos-x86_64, r-release-windows-x86_64

Version: 5.5.2
Check: Rd files
Result: NOTE checkRd: (-1) ZIClass.Rd:87: Escaped LaTeX specials: \_ checkRd: (-1) ZITrain.Rd:72: Escaped LaTeX specials: \_ checkRd: (-1) ZITrain.Rd:74: Escaped LaTeX specials: \_ checkRd: (-1) zid.Rd:45: Escaped LaTeX specials: \_ checkRd: (-1) zim.Rd:63: Escaped LaTeX specials: \_ Flavors: r-oldrel-macos-arm64, r-oldrel-macos-x86_64, r-oldrel-windows-x86_64

Version: 5.5.2
Check: package dependencies
Result: NOTE Package suggested but not available for checking: ‘rJava’ Flavor: r-oldrel-macos-x86_64