CRAN Package Check Results for Package ztable

Last updated on 2025-01-19 05:49:25 CET.

Flavor Version Tinstall Tcheck Ttotal Status Flags
r-devel-linux-x86_64-debian-clang 0.2.3 8.54 80.33 88.87 NOTE
r-devel-linux-x86_64-debian-gcc 0.2.3 5.86 58.82 64.68 NOTE
r-devel-linux-x86_64-fedora-clang 0.2.3 177.58 NOTE
r-devel-linux-x86_64-fedora-gcc 0.2.3 167.88 NOTE
r-devel-windows-x86_64 0.2.3 14.00 123.00 137.00 NOTE
r-patched-linux-x86_64 0.2.3 8.70 74.66 83.36 NOTE
r-release-linux-x86_64 0.2.3 7.64 73.78 81.42 NOTE
r-release-macos-arm64 0.2.3 60.00 NOTE
r-release-macos-x86_64 0.2.3 90.00 NOTE
r-release-windows-x86_64 0.2.3 13.00 118.00 131.00 NOTE
r-oldrel-macos-arm64 0.2.3 55.00 OK
r-oldrel-macos-x86_64 0.2.3 102.00 OK
r-oldrel-windows-x86_64 0.2.3 15.00 132.00 147.00 OK

Check Details

Version: 0.2.3
Check: Rd files
Result: NOTE checkRd: (-1) update_ztable.Rd:75: Lost braces; missing escapes or markup? 75 | must be NULL or contain only elements of {"h","t","b","p","!","H"}.} | ^ checkRd: (-1) ztable_sub.Rd:78: Lost braces; missing escapes or markup? 78 | must be NULL or contain only elements of {"h","t","b","p","!","H"}. | ^ Flavors: r-devel-linux-x86_64-debian-clang, r-devel-linux-x86_64-debian-gcc, r-devel-linux-x86_64-fedora-clang, r-devel-linux-x86_64-fedora-gcc, r-devel-windows-x86_64, r-patched-linux-x86_64, r-release-linux-x86_64, r-release-macos-arm64, r-release-macos-x86_64, r-release-windows-x86_64