CRAN Package Check Results for Package ztpln

Last updated on 2025-01-19 05:49:25 CET.

Flavor Version Tinstall Tcheck Ttotal Status Flags
r-devel-linux-x86_64-debian-clang 0.1.2 38.74 91.49 130.23 NOTE
r-devel-linux-x86_64-debian-gcc 0.1.2 29.34 70.06 99.40 NOTE
r-devel-linux-x86_64-fedora-clang 0.1.2 251.16 NOTE
r-devel-linux-x86_64-fedora-gcc 0.1.2 208.27 NOTE
r-devel-windows-x86_64 0.1.2 38.00 136.00 174.00 NOTE
r-patched-linux-x86_64 0.1.2 41.02 83.73 124.75 NOTE
r-release-linux-x86_64 0.1.2 41.44 85.33 126.77 NOTE
r-release-macos-arm64 0.1.2 90.00 NOTE
r-release-macos-x86_64 0.1.2 131.00 NOTE
r-release-windows-x86_64 0.1.2 37.00 133.00 170.00 NOTE
r-oldrel-macos-arm64 0.1.2 82.00 NOTE
r-oldrel-macos-x86_64 0.1.2 133.00 NOTE
r-oldrel-windows-x86_64 0.1.2 49.00 160.00 209.00 NOTE

Check Details

Version: 0.1.2
Check: C++ specification
Result: NOTE Specified C++11: please drop specification unless essential Flavors: r-devel-linux-x86_64-debian-clang, r-devel-linux-x86_64-debian-gcc, r-devel-linux-x86_64-fedora-clang, r-devel-linux-x86_64-fedora-gcc, r-devel-windows-x86_64, r-patched-linux-x86_64, r-release-linux-x86_64, r-release-macos-arm64, r-release-macos-x86_64, r-release-windows-x86_64, r-oldrel-macos-arm64, r-oldrel-macos-x86_64, r-oldrel-windows-x86_64

Version: 0.1.2
Check: installed package size
Result: NOTE installed size is 8.0Mb sub-directories of 1Mb or more: libs 7.7Mb Flavors: r-release-macos-arm64, r-release-macos-x86_64, r-oldrel-macos-arm64, r-oldrel-macos-x86_64