Last updated on 2024-06-17 05:48:53 CEST.
Flavor | Version | Tinstall | Tcheck | Ttotal | Status | Flags |
---|---|---|---|---|---|---|
r-devel-linux-x86_64-debian-clang | 1.4.4 | 195.39 | 153.69 | 349.08 | OK | |
r-devel-linux-x86_64-debian-gcc | 1.4.4 | 125.02 | 112.30 | 237.32 | OK | |
r-devel-linux-x86_64-fedora-clang | 1.4.4 | 444.05 | OK | |||
r-devel-linux-x86_64-fedora-gcc | 1.4.4 | 489.68 | OK | |||
r-devel-windows-x86_64 | 1.4.4 | 130.00 | 141.00 | 271.00 | OK | |
r-patched-linux-x86_64 | 1.4.4 | 148.47 | 149.48 | 297.95 | OK | |
r-release-linux-x86_64 | 1.4.4 | 147.96 | 147.07 | 295.03 | OK | |
r-release-macos-arm64 | 1.4.4 | 99.00 | NOTE | |||
r-release-macos-x86_64 | 1.4.4 | 129.00 | NOTE | |||
r-release-windows-x86_64 | 1.4.4 | 136.00 | 151.00 | 287.00 | OK | |
r-oldrel-macos-arm64 | 1.4.4 | 107.00 | NOTE | |||
r-oldrel-macos-x86_64 | 1.4.4 | 159.00 | NOTE | |||
r-oldrel-windows-x86_64 | 1.4.4 | 168.00 | 180.00 | 348.00 | OK |
Version: 1.4.4
Check: installed package size
Result: NOTE
installed size is 14.4Mb
sub-directories of 1Mb or more:
libs 13.4Mb
Flavors: r-release-macos-arm64, r-release-macos-x86_64, r-oldrel-macos-arm64, r-oldrel-macos-x86_64