Last updated on 2024-08-16 12:49:04 CEST.
Flavor | Version | Tinstall | Tcheck | Ttotal | Status | Flags |
---|---|---|---|---|---|---|
r-devel-linux-x86_64-debian-clang | 1.0.2 | 161.08 | 90.67 | 251.75 | NOTE | |
r-devel-linux-x86_64-debian-gcc | 1.0.2 | 108.14 | 63.57 | 171.71 | NOTE | |
r-devel-linux-x86_64-fedora-clang | 1.0.2 | 468.89 | NOTE | |||
r-devel-linux-x86_64-fedora-gcc | 1.0.2 | 524.64 | NOTE | |||
r-devel-windows-x86_64 | 1.0.2 | 170.00 | 158.00 | 328.00 | NOTE | |
r-patched-linux-x86_64 | 1.0.2 | 166.36 | 86.06 | 252.42 | NOTE | |
r-release-linux-x86_64 | 1.0.2 | 157.47 | 86.00 | 243.47 | NOTE | |
r-release-macos-arm64 | 1.0.2 | 119.00 | NOTE | |||
r-release-macos-x86_64 | 1.0.2 | 152.00 | NOTE | |||
r-release-windows-x86_64 | 1.0.2 | 160.00 | 158.00 | 318.00 | NOTE | |
r-oldrel-macos-arm64 | 1.0.2 | 159.00 | NOTE | |||
r-oldrel-macos-x86_64 | 1.0.2 | 157.00 | NOTE | |||
r-oldrel-windows-x86_64 | 1.0.2 | 215.00 | 171.00 | 386.00 | NOTE |
Version: 1.0.2
Check: C++ specification
Result: NOTE
Specified C++11: please drop specification unless essential
Flavors: r-devel-linux-x86_64-debian-clang, r-devel-linux-x86_64-debian-gcc, r-devel-linux-x86_64-fedora-clang, r-devel-linux-x86_64-fedora-gcc, r-devel-windows-x86_64, r-patched-linux-x86_64, r-release-linux-x86_64, r-release-macos-arm64, r-release-macos-x86_64, r-release-windows-x86_64, r-oldrel-macos-arm64, r-oldrel-macos-x86_64, r-oldrel-windows-x86_64
Version: 1.0.2
Check: installed package size
Result: NOTE
installed size is 15.4Mb
sub-directories of 1Mb or more:
libs 14.1Mb
Flavors: r-release-macos-arm64, r-release-macos-x86_64, r-oldrel-macos-arm64, r-oldrel-macos-x86_64