Last updated on 2024-08-16 12:49:04 CEST.
Flavor | Version | Tinstall | Tcheck | Ttotal | Status | Flags |
---|---|---|---|---|---|---|
r-devel-linux-x86_64-debian-clang | 3.0 | 9.83 | 71.27 | 81.10 | OK | |
r-devel-linux-x86_64-debian-gcc | 3.0 | 5.90 | 51.68 | 57.58 | OK | |
r-devel-linux-x86_64-fedora-clang | 3.0 | 131.34 | NOTE | |||
r-devel-linux-x86_64-fedora-gcc | 3.0 | 135.49 | OK | |||
r-devel-windows-x86_64 | 3.0 | 10.00 | 90.00 | 100.00 | OK | |
r-patched-linux-x86_64 | 3.0 | 10.02 | 66.20 | 76.22 | OK | |
r-release-linux-x86_64 | 3.0 | 6.91 | 67.88 | 74.79 | OK | |
r-release-macos-arm64 | 3.0 | 45.00 | OK | |||
r-release-macos-x86_64 | 3.0 | 96.00 | OK | |||
r-release-windows-x86_64 | 3.0 | 11.00 | 91.00 | 102.00 | OK | |
r-oldrel-macos-arm64 | 3.0 | 53.00 | OK | |||
r-oldrel-macos-x86_64 | 3.0 | 114.00 | OK | |||
r-oldrel-windows-x86_64 | 3.0 | 13.00 | 104.00 | 117.00 | OK |
Version: 3.0
Check: Rd cross-references
Result: NOTE
Undeclared packages ‘CountsEPPM’, ‘betareg’ in Rd xrefs
Flavor: r-devel-linux-x86_64-fedora-clang