CRAN Package Check Results for Package BoardGames

Last updated on 2025-07-04 16:50:11 CEST.

Flavor Version Tinstall Tcheck Ttotal Status Flags
r-devel-linux-x86_64-debian-clang 1.0.0 1.83 18.22 20.05 OK
r-devel-linux-x86_64-debian-gcc 1.0.0 1.36 15.00 16.36 OK
r-devel-linux-x86_64-fedora-clang 1.0.0 31.13 OK
r-devel-linux-x86_64-fedora-gcc 1.0.0 29.84 OK
r-devel-windows-x86_64 1.0.0 2.00 36.00 38.00 OK
r-patched-linux-x86_64 1.0.0 1.81 16.58 18.39 OK
r-release-linux-x86_64 1.0.0 1.54 17.13 18.67 OK
r-release-macos-arm64 1.0.0 15.00 OK
r-release-macos-x86_64 1.0.0 23.00 OK
r-release-windows-x86_64 1.0.0 3.00 36.00 39.00 OK
r-oldrel-macos-arm64 1.0.0 20.00 NOTE
r-oldrel-macos-x86_64 1.0.0 19.00 NOTE
r-oldrel-windows-x86_64 1.0.0 4.00 36.00 40.00 NOTE

Check Details

Version: 1.0.0
Check: LazyData
Result: NOTE 'LazyData' is specified without a 'data' directory Flavors: r-oldrel-macos-arm64, r-oldrel-macos-x86_64, r-oldrel-windows-x86_64