Last updated on 2024-06-17 05:48:53 CEST.
Flavor | Version | Tinstall | Tcheck | Ttotal | Status | Flags |
---|---|---|---|---|---|---|
r-devel-linux-x86_64-debian-clang | 7.1.0 | 27.53 | 199.23 | 226.76 | OK | |
r-devel-linux-x86_64-debian-gcc | 7.1.0 | 19.25 | 144.83 | 164.08 | OK | |
r-devel-linux-x86_64-fedora-clang | 7.1.0 | 275.15 | OK | |||
r-devel-linux-x86_64-fedora-gcc | 7.1.0 | 272.86 | OK | |||
r-devel-windows-x86_64 | 7.1.0 | 21.00 | 180.00 | 201.00 | OK | |
r-patched-linux-x86_64 | 7.1.0 | 23.88 | 188.95 | 212.83 | OK | |
r-release-linux-x86_64 | 7.1.0 | 21.37 | 190.55 | 211.92 | OK | |
r-release-macos-arm64 | 7.1.0 | 81.00 | OK | |||
r-release-macos-x86_64 | 7.1.0 | 112.00 | WARN | |||
r-release-windows-x86_64 | 7.1.0 | 21.00 | 58.00 | 79.00 | FAIL | |
r-oldrel-macos-arm64 | 7.1.0 | 85.00 | OK | |||
r-oldrel-macos-x86_64 | 7.1.0 | 213.00 | OK | |||
r-oldrel-windows-x86_64 | 7.1.0 | 28.00 | 212.00 | 240.00 | OK |
Version: 7.1.0
Check: re-building of vignette outputs
Result: WARN
Error(s) in re-building vignettes:
...
--- re-building ‘PlottingGuide.Rnw’ using knitr_notangle
Warning in remind_sweave(if (in.file) input, sweave_lines) :
It seems you are using the Sweave-specific syntax in line(s) 2303, 2363; you may need Sweave2knitr("PlottingGuide.Rnw") to convert it to knitr
Error: processing vignette 'PlottingGuide.Rnw' failed with diagnostics:
Running 'texi2dvi' on 'PlottingGuide.tex' failed.
LaTeX errors:
! Undefined control sequence.
l.355 \hlkwd{library}\hldef
{(BoutrosLab.plotting.general);}
?
! Emergency stop.
! Emergency stop.
l.355
End of file on the terminal!
! ==> Fatal error occurred, no output PDF file produced!
--- failed re-building ‘PlottingGuide.Rnw’
SUMMARY: processing the following file failed:
‘PlottingGuide.Rnw’
Error: Vignette re-building failed.
Execution halted
Flavor: r-release-macos-x86_64
Version: 7.1.0
Check: Rd contents
Result: FAIL
Flavor: r-release-windows-x86_64