Last updated on 2024-08-16 12:49:04 CEST.
Flavor | Version | Tinstall | Tcheck | Ttotal | Status | Flags |
---|---|---|---|---|---|---|
r-devel-linux-x86_64-debian-clang | 1.3.0 | 9.23 | 88.06 | 97.29 | NOTE | |
r-devel-linux-x86_64-debian-gcc | 1.3.0 | 7.04 | 62.97 | 70.01 | NOTE | |
r-devel-linux-x86_64-fedora-clang | 1.3.0 | 159.44 | NOTE | |||
r-devel-linux-x86_64-fedora-gcc | 1.3.0 | 150.70 | NOTE | |||
r-devel-windows-x86_64 | 1.3.0 | 9.00 | 98.00 | 107.00 | NOTE | |
r-patched-linux-x86_64 | 1.3.0 | 8.78 | 82.40 | 91.18 | NOTE | |
r-release-linux-x86_64 | 1.3.0 | 8.93 | 82.83 | 91.76 | NOTE | |
r-release-macos-arm64 | 1.3.0 | 47.00 | NOTE | |||
r-release-macos-x86_64 | 1.3.0 | 73.00 | NOTE | |||
r-release-windows-x86_64 | 1.3.0 | 9.00 | 98.00 | 107.00 | NOTE | |
r-oldrel-macos-arm64 | 1.3.0 | 46.00 | NOTE | |||
r-oldrel-macos-x86_64 | 1.3.0 | 75.00 | NOTE | |||
r-oldrel-windows-x86_64 | 1.3.0 | 12.00 | 122.00 | 134.00 | NOTE |
Version: 1.3.0
Check: package dependencies
Result: NOTE
Package suggested but not available for checking: ‘ReGenesees’
Flavors: r-devel-linux-x86_64-debian-clang, r-devel-linux-x86_64-debian-gcc, r-devel-linux-x86_64-fedora-clang, r-devel-linux-x86_64-fedora-gcc, r-devel-windows-x86_64, r-patched-linux-x86_64, r-release-linux-x86_64, r-release-macos-arm64, r-release-macos-x86_64, r-release-windows-x86_64, r-oldrel-macos-arm64, r-oldrel-macos-x86_64, r-oldrel-windows-x86_64