Last updated on 2024-08-16 12:49:05 CEST.
Flavor | Version | Tinstall | Tcheck | Ttotal | Status | Flags |
---|---|---|---|---|---|---|
r-devel-linux-x86_64-debian-clang | 2.0.0 | 9.52 | 72.88 | 82.40 | NOTE | |
r-devel-linux-x86_64-debian-gcc | 2.0.0 | 7.48 | 52.42 | 59.90 | NOTE | |
r-devel-linux-x86_64-fedora-clang | 2.0.0 | 131.61 | OK | |||
r-devel-linux-x86_64-fedora-gcc | 2.0.0 | 124.93 | OK | |||
r-devel-windows-x86_64 | 2.0.0 | 10.00 | 82.00 | 92.00 | NOTE | |
r-patched-linux-x86_64 | 2.0.0 | 11.63 | 68.66 | 80.29 | OK | |
r-release-linux-x86_64 | 2.0.0 | 8.74 | 68.53 | 77.27 | OK | |
r-release-macos-arm64 | 2.0.0 | 38.00 | OK | |||
r-release-macos-x86_64 | 2.0.0 | 56.00 | OK | |||
r-release-windows-x86_64 | 2.0.0 | 11.00 | 83.00 | 94.00 | OK | |
r-oldrel-macos-arm64 | 2.0.0 | 42.00 | OK | |||
r-oldrel-macos-x86_64 | 2.0.0 | 107.00 | OK | |||
r-oldrel-windows-x86_64 | 2.0.0 | 11.00 | 99.00 | 110.00 | OK |
Version: 2.0.0
Check: Rd cross-references
Result: NOTE
Found the following Rd file(s) with Rd \link{} targets missing package
anchors:
CoImp-class.Rd: fitCopula, lp, copula-class
CoImp.Rd: fitCopula, lp
MAR-class.Rd: lp, copula-class
MAR.Rd: fitCopula
MCAR-class.Rd: lp, copula-class
MCAR.Rd: fitCopula
NPCoImp-class.Rd: cluster, copula-class
PerfMeasure-class.Rd: tailIndex, lp, copula-class
PerfMeasure.Rd: fitCopula, tailIndex
Please provide package anchors for all Rd \link{} targets not in the
package itself and the base packages.
Flavors: r-devel-linux-x86_64-debian-clang, r-devel-linux-x86_64-debian-gcc, r-devel-windows-x86_64