Last updated on 2024-08-15 13:48:23 CEST.
Flavor | Version | Tinstall | Tcheck | Ttotal | Status | Flags |
---|---|---|---|---|---|---|
r-devel-linux-x86_64-debian-clang | 0.1.9 | 2.79 | 69.31 | 72.10 | NOTE | |
r-devel-linux-x86_64-debian-gcc | 0.1.9 | 1.90 | 45.61 | 47.51 | NOTE | |
r-devel-linux-x86_64-fedora-clang | 0.1.9 | 115.90 | NOTE | |||
r-devel-linux-x86_64-fedora-gcc | 0.1.9 | 122.44 | NOTE | |||
r-devel-windows-x86_64 | 0.1.9 | 4.00 | 60.00 | 64.00 | ERROR | |
r-patched-linux-x86_64 | 0.1.9 | 2.72 | 63.20 | 65.92 | NOTE | |
r-release-linux-x86_64 | 0.1.9 | 2.66 | 63.68 | 66.34 | NOTE | |
r-release-macos-arm64 | 0.1.9 | 37.00 | NOTE | |||
r-release-macos-x86_64 | 0.1.9 | 75.00 | NOTE | |||
r-release-windows-x86_64 | 0.1.9 | 5.00 | 61.00 | 66.00 | ERROR | |
r-oldrel-macos-arm64 | 0.1.9 | 41.00 | OK | |||
r-oldrel-macos-x86_64 | 0.1.9 | 84.00 | OK | |||
r-oldrel-windows-x86_64 | 0.1.9 | 5.00 | 95.00 | 100.00 | OK |
Version: 0.1.9
Check: Rd files
Result: NOTE
checkRd: (-1) CorMID.Rd:54: Lost braces; missing escapes or markup?
54 | individual compound containing 2 carbons and observe a vector of {978,22,0}.
| ^
checkRd: (-1) CorMID.Rd:58: Lost braces; missing escapes or markup?
58 | The equivalent corMID vector would be {1,0,0}, indicating that the non-labeled
| ^
Flavors: r-devel-linux-x86_64-debian-clang, r-devel-linux-x86_64-debian-gcc, r-devel-linux-x86_64-fedora-clang, r-devel-linux-x86_64-fedora-gcc, r-devel-windows-x86_64, r-patched-linux-x86_64, r-release-linux-x86_64, r-release-macos-arm64, r-release-macos-x86_64, r-release-windows-x86_64
Version: 0.1.9
Check: re-building of vignette outputs
Result: ERROR
Error(s) in re-building vignettes:
--- re-building 'CorMID.Rmd' using rmarkdown
Flavors: r-devel-windows-x86_64, r-release-windows-x86_64