Last updated on 2024-08-16 12:49:06 CEST.
Flavor | Version | Tinstall | Tcheck | Ttotal | Status | Flags |
---|---|---|---|---|---|---|
r-devel-linux-x86_64-debian-clang | 1.0.3 | 45.33 | 347.96 | 393.29 | OK | |
r-devel-linux-x86_64-debian-gcc | 1.0.3 | 29.68 | 222.66 | 252.34 | OK | |
r-devel-linux-x86_64-fedora-clang | 1.0.3 | 633.46 | NOTE | |||
r-devel-linux-x86_64-fedora-gcc | 1.0.3 | 589.35 | NOTE | |||
r-devel-windows-x86_64 | 1.0.3 | 41.00 | 267.00 | 308.00 | OK | |
r-patched-linux-x86_64 | 1.0.3 | 42.79 | 326.55 | 369.34 | OK | |
r-release-linux-x86_64 | 1.0.3 | 43.12 | 323.16 | 366.28 | OK | |
r-release-macos-arm64 | 1.0.3 | 165.00 | OK | |||
r-release-macos-x86_64 | 1.0.3 | 443.00 | OK | |||
r-release-windows-x86_64 | 1.0.3 | 41.00 | 267.00 | 308.00 | OK | |
r-oldrel-macos-arm64 | 1.0.3 | 158.00 | OK | |||
r-oldrel-macos-x86_64 | 1.0.3 | 384.00 | OK | |||
r-oldrel-windows-x86_64 | 1.0.3 | 57.00 | 371.00 | 428.00 | OK |
Version: 1.0.3
Check: data for non-ASCII characters
Result: NOTE
Note: found 9 marked UTF-8 strings
Flavors: r-devel-linux-x86_64-fedora-clang, r-devel-linux-x86_64-fedora-gcc