Last updated on 2024-06-17 05:48:57 CEST.
Flavor | Version | Tinstall | Tcheck | Ttotal | Status | Flags |
---|---|---|---|---|---|---|
r-devel-linux-x86_64-debian-clang | 0.9.2 | 97.58 | 128.95 | 226.53 | OK | |
r-devel-linux-x86_64-debian-gcc | 0.9.2 | 62.01 | 102.81 | 164.82 | NOTE | |
r-devel-linux-x86_64-fedora-clang | 0.9.2 | 316.19 | NOTE | |||
r-devel-linux-x86_64-fedora-gcc | 0.9.2 | 317.66 | OK | |||
r-devel-windows-x86_64 | 0.9.2 | 72.00 | 132.00 | 204.00 | NOTE | |
r-patched-linux-x86_64 | 0.9.2 | 76.92 | 127.91 | 204.83 | OK | |
r-release-linux-x86_64 | 0.9.2 | 77.61 | 128.71 | 206.32 | OK | |
r-release-macos-arm64 | 0.9.2 | 81.00 | OK | |||
r-release-macos-x86_64 | 0.9.2 | 107.00 | OK | |||
r-release-windows-x86_64 | 0.9.2 | 70.00 | 50.00 | 120.00 | FAIL | |
r-oldrel-macos-arm64 | 0.9.2 | 88.00 | OK | |||
r-oldrel-macos-x86_64 | 0.9.2 | 158.00 | OK | |||
r-oldrel-windows-x86_64 | 0.9.2 | 75.00 | 167.00 | 242.00 | OK |
Version: 0.9.2
Check: compiled code
Result: NOTE
File ‘FeatureHashing/libs/FeatureHashing.so’:
Found non-API call to R: ‘HASHTAB’
Compiled code should not call non-API entry points in R.
See ‘Writing portable packages’ in the ‘Writing R Extensions’ manual.
Flavors: r-devel-linux-x86_64-debian-gcc, r-devel-linux-x86_64-fedora-clang
Version: 0.9.2
Check: compiled code
Result: NOTE
File 'FeatureHashing/libs/x64/FeatureHashing.dll':
Found non-API call to R: 'HASHTAB'
Compiled code should not call non-API entry points in R.
See 'Writing portable packages' in the 'Writing R Extensions' manual.
Flavor: r-devel-windows-x86_64
Version: 0.9.2
Check: replacement functions
Result: WARN
Error: memory exhausted
Execution halted
The argument of a replacement function which corresponds to the right
hand side must be named 'value'.
Flavor: r-release-windows-x86_64
Version: 0.9.2
Check: R code for possible problems
Result: ERROR
Incorrect (un)loading of package shared object.
Fatal error: couldn't allocate memory for pointer stack
The system-specific extension for shared objects must not be added.
See ?library.dynam.
[5s] OK
Flavor: r-release-windows-x86_64
Version: 0.9.2
Check: data for ASCII and uncompressed saves
Result: WARN
Error in xzfile(file, "wb", compression = 9) : cannot open the connection
Calls: <Anonymous> -> resaveRdaFiles -> save -> xzfile
In addition: Warning message:
In xzfile(file, "wb", compression = 9) :
cannot initialize lzma encoder, error 5
Execution halted
Flavor: r-release-windows-x86_64
Version: 0.9.2
Check: compiled code
Result: NOTE
Error: memory exhausted
Execution halted
See 'Writing portable packages' in the 'Writing R Extensions' manual.
Flavor: r-release-windows-x86_64
Version: 0.9.2
Check: installed files from ‘inst/doc’
Result: FAIL
Flavor: r-release-windows-x86_64