Last updated on 2024-06-17 05:48:58 CEST.
Flavor | Version | Tinstall | Tcheck | Ttotal | Status | Flags |
---|---|---|---|---|---|---|
r-devel-linux-x86_64-debian-clang | 2.1.1 | 48.34 | 115.31 | 163.65 | NOTE | |
r-devel-linux-x86_64-debian-gcc | 2.1.1 | 27.85 | 92.44 | 120.29 | NOTE | |
r-devel-linux-x86_64-fedora-clang | 2.1.1 | 213.10 | NOTE | |||
r-devel-linux-x86_64-fedora-gcc | 2.1.1 | 247.39 | NOTE | |||
r-devel-windows-x86_64 | 2.1.1 | 34.00 | 131.00 | 165.00 | NOTE | |
r-patched-linux-x86_64 | 2.1.1 | 31.85 | 115.83 | 147.68 | NOTE | |
r-release-linux-x86_64 | 2.1.1 | 32.56 | 119.10 | 151.66 | NOTE | |
r-release-macos-arm64 | 2.1.1 | 82.00 | NOTE | |||
r-release-macos-x86_64 | 2.1.1 | 107.00 | NOTE | |||
r-release-windows-x86_64 | 2.1.1 | 33.00 | 55.00 | 88.00 | FAIL | |
r-oldrel-macos-arm64 | 2.1.1 | 87.00 | NOTE | |||
r-oldrel-macos-x86_64 | 2.1.1 | 121.00 | NOTE | |||
r-oldrel-windows-x86_64 | 2.1.1 | 41.00 | 151.00 | 192.00 | NOTE |
Version: 2.1.1
Check: C++ specification
Result: NOTE
Specified C++11: please drop specification unless essential
Flavors: r-devel-linux-x86_64-debian-clang, r-devel-linux-x86_64-debian-gcc, r-devel-linux-x86_64-fedora-clang, r-devel-linux-x86_64-fedora-gcc, r-devel-windows-x86_64, r-patched-linux-x86_64, r-release-linux-x86_64, r-release-macos-arm64, r-release-macos-x86_64, r-release-windows-x86_64, r-oldrel-macos-arm64, r-oldrel-macos-x86_64, r-oldrel-windows-x86_64
Version: 2.1.1
Check: Rd files
Result: NOTE
checkRd: (-1) boot_eip.Rd:50: Escaped LaTeX specials: \&
checkRd: (-1) constrained.Rd:93: Escaped LaTeX specials: \&
Flavors: r-devel-linux-x86_64-debian-clang, r-devel-linux-x86_64-debian-gcc, r-devel-linux-x86_64-fedora-clang, r-devel-linux-x86_64-fedora-gcc, r-devel-windows-x86_64, r-patched-linux-x86_64, r-release-linux-x86_64, r-release-macos-arm64, r-release-macos-x86_64, r-release-windows-x86_64, r-oldrel-macos-arm64, r-oldrel-macos-x86_64, r-oldrel-windows-x86_64
Version: 2.1.1
Check: dependencies in R code
Result: NOTE
Namespaces in Imports field not imported from:
‘Rdpack’ ‘mathjaxr’
All declared Imports should be used.
Flavors: r-devel-linux-x86_64-fedora-clang, r-devel-linux-x86_64-fedora-gcc
Version: 2.1.1
Check: data for non-ASCII characters
Result: NOTE
Fatal error: couldn't allocate node stack
Flavor: r-release-windows-x86_64
Version: 2.1.1
Check: installed files from ‘inst/doc’
Result: FAIL
Flavor: r-release-windows-x86_64
Version: 2.1.1
Check: package dependencies
Result: NOTE
Packages suggested but not available for checking:
'car', 'NetworkToolbox', 'NetworkComparisonTest'
Flavor: r-oldrel-macos-x86_64