Last updated on 2024-08-16 12:49:10 CEST.
Flavor | Version | Tinstall | Tcheck | Ttotal | Status | Flags |
---|---|---|---|---|---|---|
r-devel-linux-x86_64-debian-clang | 1.6.2 | 23.00 | 176.77 | 199.77 | NOTE | |
r-devel-linux-x86_64-debian-gcc | 1.6.2 | 14.98 | 120.95 | 135.93 | NOTE | |
r-devel-linux-x86_64-fedora-clang | 1.6.2 | 325.10 | OK | |||
r-devel-linux-x86_64-fedora-gcc | 1.6.2 | 311.30 | OK | |||
r-devel-windows-x86_64 | 1.6.2 | 24.00 | 184.00 | 208.00 | NOTE | |
r-patched-linux-x86_64 | 1.6.2 | 31.72 | 163.89 | 195.61 | OK | |
r-release-linux-x86_64 | 1.6.2 | 20.64 | 165.49 | 186.13 | OK | |
r-release-macos-arm64 | 1.6.2 | 64.00 | OK | |||
r-release-macos-x86_64 | 1.6.2 | 135.00 | OK | |||
r-release-windows-x86_64 | 1.6.2 | 27.00 | 184.00 | 211.00 | OK | |
r-oldrel-macos-arm64 | 1.6.2 | 71.00 | OK | |||
r-oldrel-macos-x86_64 | 1.6.2 | 140.00 | OK | |||
r-oldrel-windows-x86_64 | 1.6.2 | 32.00 | 234.00 | 266.00 | OK |
Version: 1.6.2
Check: Rd cross-references
Result: NOTE
Found the following Rd file(s) with Rd \link{} targets missing package
anchors:
CompareFiles.Rd: full_join
PlotMapOutput.Rd: geom_sf, geom_sf_text, ggsave
PlotMapPoints.Rd: geom_sf, geom_sf_text, ggsave
PlotPerformanceByAttribute.Rd: left_join, scale_color_manual,
geom_smooth, geom_density, geom_boxplot, scale_x_log10,
scale_y_log10, pseudo_log_trans, scale_x_continuous,
scale_y_continuous, xlab, ylab, ggarrange, ggsave
ReadBasinOutput.Rd: data.table
ReadGeoData.Rd: data.table
ReadMapOutput.Rd: data.table
ReadObs.Rd: data.table
ReadTimeOutput.Rd: data.table
ReadXobs.Rd: data.table
WriteHarmonizedData.Rd: getDTthreads
WriteHarmonizedSpatialDescription.Rd: getDTthreads
distinctColorPalette.Rd: darken
Please provide package anchors for all Rd \link{} targets not in the
package itself and the base packages.
Flavors: r-devel-linux-x86_64-debian-clang, r-devel-linux-x86_64-debian-gcc, r-devel-windows-x86_64