Last updated on 2024-06-17 05:48:59 CEST.
Flavor | Version | Tinstall | Tcheck | Ttotal | Status | Flags |
---|---|---|---|---|---|---|
r-devel-linux-x86_64-debian-clang | 0.1.1 | 36.03 | 337.53 | 373.56 | NOTE | |
r-devel-linux-x86_64-debian-gcc | 0.1.1 | 26.39 | 249.12 | 275.51 | NOTE | |
r-devel-linux-x86_64-fedora-clang | 0.1.1 | 495.96 | NOTE | |||
r-devel-linux-x86_64-fedora-gcc | 0.1.1 | 463.53 | NOTE | |||
r-devel-windows-x86_64 | 0.1.1 | 26.00 | 232.00 | 258.00 | NOTE | |
r-patched-linux-x86_64 | 0.1.1 | 33.67 | 324.00 | 357.67 | NOTE | |
r-release-linux-x86_64 | 0.1.1 | 24.10 | 322.00 | 346.10 | NOTE | |
r-release-macos-arm64 | 0.1.1 | 121.00 | NOTE | |||
r-release-macos-x86_64 | 0.1.1 | 212.00 | NOTE | |||
r-release-windows-x86_64 | 0.1.1 | 29.00 | 238.00 | 267.00 | NOTE | |
r-oldrel-macos-arm64 | 0.1.1 | 136.00 | NOTE | |||
r-oldrel-macos-x86_64 | 0.1.1 | 432.00 | NOTE | |||
r-oldrel-windows-x86_64 | 0.1.1 | 39.00 | 304.00 | 343.00 | NOTE |
Version: 0.1.1
Check: package dependencies
Result: NOTE
Package suggested but not available for checking: ‘microViz’
Flavors: r-devel-linux-x86_64-debian-clang, r-devel-linux-x86_64-debian-gcc, r-devel-linux-x86_64-fedora-clang, r-devel-linux-x86_64-fedora-gcc, r-devel-windows-x86_64, r-patched-linux-x86_64, r-release-linux-x86_64, r-release-macos-arm64, r-release-macos-x86_64, r-release-windows-x86_64, r-oldrel-macos-arm64, r-oldrel-macos-x86_64, r-oldrel-windows-x86_64