Last updated on 2024-08-16 12:49:11 CEST.
Flavor | Version | Tinstall | Tcheck | Ttotal | Status | Flags |
---|---|---|---|---|---|---|
r-devel-linux-x86_64-debian-clang | 8.4 | 11.41 | 313.26 | 324.67 | NOTE | |
r-devel-linux-x86_64-debian-gcc | 8.4 | 7.40 | 299.60 | 307.00 | NOTE | |
r-devel-linux-x86_64-fedora-clang | 8.4 | 464.15 | NOTE | |||
r-devel-linux-x86_64-fedora-gcc | 8.4 | 448.96 | NOTE | |||
r-devel-windows-x86_64 | 8.4 | 15.00 | 75.00 | 90.00 | NOTE | --no-examples --no-tests --no-vignettes |
r-patched-linux-x86_64 | 8.4 | 11.68 | 305.53 | 317.21 | NOTE | |
r-release-linux-x86_64 | 8.4 | 10.35 | 307.80 | 318.15 | NOTE | |
r-release-macos-arm64 | 8.4 | 168.00 | NOTE | |||
r-release-macos-x86_64 | 8.4 | 271.00 | NOTE | |||
r-release-windows-x86_64 | 8.4 | 16.00 | 76.00 | 92.00 | NOTE | --no-examples --no-tests --no-vignettes |
r-oldrel-macos-arm64 | 8.4 | 223.00 | NOTE | |||
r-oldrel-macos-x86_64 | 8.4 | 330.00 | NOTE | |||
r-oldrel-windows-x86_64 | 8.4 | 19.00 | 69.00 | 88.00 | NOTE | --no-examples --no-tests --no-vignettes |
Version: 8.4
Check: Rd files
Result: NOTE
checkRd: (-1) LKrig.MLE.Rd:114: Escaped LaTeX specials: \$ \$
checkRd: (-1) LKrig.MLE.Rd:115: Escaped LaTeX specials: \$
checkRd: (-1) VignetteExamples.Rd:25: Lost braces; missing escapes or markup?
25 | See Section 4 in the {LatticeKrig Vignette} for the use of these data.
| ^
Flavors: r-devel-linux-x86_64-debian-clang, r-devel-linux-x86_64-debian-gcc, r-devel-linux-x86_64-fedora-clang, r-devel-linux-x86_64-fedora-gcc, r-patched-linux-x86_64, r-release-linux-x86_64, r-release-macos-arm64, r-release-macos-x86_64
Version: 8.4
Check: Rd cross-references
Result: NOTE
Found the following Rd file(s) with Rd \link{} targets missing package
anchors:
LKDist.Rd: spind2spam, spind2full
LKrigSAR.Rd: spind2full
LatticeKrig.Rd: spind2spam
Please provide package anchors for all Rd \link{} targets not in the
package itself and the base packages.
Flavors: r-devel-linux-x86_64-debian-clang, r-devel-linux-x86_64-debian-gcc
Version: 8.4
Flags: --no-examples --no-tests --no-vignettes
Check: Rd files
Result: NOTE
checkRd: (-1) LKrig.MLE.Rd:114: Escaped LaTeX specials: \$ \$
checkRd: (-1) LKrig.MLE.Rd:115: Escaped LaTeX specials: \$
checkRd: (-1) VignetteExamples.Rd:25: Lost braces; missing escapes or markup?
25 | See Section 4 in the {LatticeKrig Vignette} for the use of these data.
| ^
Flavors: r-devel-windows-x86_64, r-release-windows-x86_64
Version: 8.4
Flags: --no-examples --no-tests --no-vignettes
Check: Rd cross-references
Result: NOTE
Found the following Rd file(s) with Rd \link{} targets missing package
anchors:
LKDist.Rd: spind2spam, spind2full
LKrigSAR.Rd: spind2full
LatticeKrig.Rd: spind2spam
Please provide package anchors for all Rd \link{} targets not in the
package itself and the base packages.
Flavor: r-devel-windows-x86_64
Version: 8.4
Check: Rd files
Result: NOTE
checkRd: (-1) LKrig.MLE.Rd:114: Escaped LaTeX specials: \$ \$
checkRd: (-1) LKrig.MLE.Rd:115: Escaped LaTeX specials: \$
Flavors: r-oldrel-macos-arm64, r-oldrel-macos-x86_64
Version: 8.4
Flags: --no-examples --no-tests --no-vignettes
Check: Rd files
Result: NOTE
checkRd: (-1) LKrig.MLE.Rd:114: Escaped LaTeX specials: \$ \$
checkRd: (-1) LKrig.MLE.Rd:115: Escaped LaTeX specials: \$
Flavor: r-oldrel-windows-x86_64