Last updated on 2024-06-17 05:49:02 CEST.
Flavor | Version | Tinstall | Tcheck | Ttotal | Status | Flags |
---|---|---|---|---|---|---|
r-devel-linux-x86_64-debian-clang | 0.9.1 | 57.81 | 835.55 | 893.36 | OK | |
r-devel-linux-x86_64-debian-gcc | 0.9.1 | 52.17 | 613.87 | 666.04 | OK | |
r-devel-linux-x86_64-fedora-clang | 0.9.1 | 1171.48 | OK | |||
r-devel-linux-x86_64-fedora-gcc | 0.9.1 | 1091.56 | OK | |||
r-devel-windows-x86_64 | 0.9.1 | 56.00 | 617.00 | 673.00 | OK | |
r-patched-linux-x86_64 | 0.9.1 | 50.61 | 781.23 | 831.84 | OK | |
r-release-linux-x86_64 | 0.9.1 | 42.31 | 802.03 | 844.34 | OK | |
r-release-macos-arm64 | 0.9.1 | 285.00 | NOTE | |||
r-release-macos-x86_64 | 0.9.1 | 400.00 | NOTE | |||
r-release-windows-x86_64 | 0.9.1 | 54.00 | 603.00 | 657.00 | OK | |
r-oldrel-macos-arm64 | 0.9.1 | 13.00 | ERROR | |||
r-oldrel-macos-x86_64 | 0.9.1 | 11.00 | ERROR | |||
r-oldrel-windows-x86_64 | 0.9.1 | 73.00 | 814.00 | 887.00 | OK |
Version: 0.9.1
Check: package dependencies
Result: NOTE
Packages suggested but not available for checking: 'ANCOMBC', 'mia'
Flavors: r-release-macos-arm64, r-release-macos-x86_64
Version: 0.9.1
Check: Rd cross-references
Result: NOTE
Package unavailable to check Rd xrefs: ‘ANCOMBC’
Flavors: r-release-macos-arm64, r-release-macos-x86_64
Version: 0.9.1
Check: package dependencies
Result: ERROR
Package required but not available: ‘dada2’
Packages suggested but not available for checking: 'ANCOMBC', 'mia'
See section ‘The DESCRIPTION file’ in the ‘Writing R Extensions’
manual.
Flavors: r-oldrel-macos-arm64, r-oldrel-macos-x86_64