Last updated on 2024-07-16 17:49:14 CEST.
Flavor | Version | Tinstall | Tcheck | Ttotal | Status | Flags |
---|---|---|---|---|---|---|
r-devel-linux-x86_64-debian-clang | 1.0.1 | 11.67 | 138.15 | 149.82 | NOTE | |
r-devel-linux-x86_64-debian-gcc | 1.0.1 | 10.87 | 102.61 | 113.48 | NOTE | |
r-devel-linux-x86_64-fedora-clang | 1.0.1 | 187.29 | NOTE | |||
r-devel-linux-x86_64-fedora-gcc | 1.0.1 | 179.19 | NOTE | |||
r-devel-windows-x86_64 | 1.0.1 | 18.00 | 282.00 | 300.00 | NOTE | |
r-patched-linux-x86_64 | 1.0.1 | 29.32 | 133.04 | 162.36 | NOTE | |
r-release-linux-x86_64 | 1.0.1 | 12.22 | 133.25 | 145.47 | NOTE | |
r-release-macos-arm64 | 1.0.1 | 52.00 | NOTE | |||
r-release-macos-x86_64 | 1.0.1 | 96.00 | NOTE | |||
r-release-windows-x86_64 | 1.0.1 | 17.00 | 276.00 | 293.00 | NOTE | |
r-oldrel-macos-arm64 | 1.0.1 | 49.00 | NOTE | |||
r-oldrel-macos-x86_64 | 1.0.1 | 95.00 | NOTE | |||
r-oldrel-windows-x86_64 | 1.0.1 | 19.00 | 318.00 | 337.00 | NOTE |
Version: 1.0.1
Check: DESCRIPTION meta-information
Result: NOTE
Malformed Description field: should contain one or more complete sentences.
Flavors: r-devel-linux-x86_64-debian-clang, r-devel-linux-x86_64-debian-gcc, r-devel-linux-x86_64-fedora-clang, r-devel-linux-x86_64-fedora-gcc, r-devel-windows-x86_64, r-patched-linux-x86_64, r-release-linux-x86_64, r-release-macos-arm64, r-release-macos-x86_64, r-release-windows-x86_64, r-oldrel-macos-arm64, r-oldrel-macos-x86_64, r-oldrel-windows-x86_64
Version: 1.0.1
Check: data for non-ASCII characters
Result: NOTE
Note: found 170 marked UTF-8 strings
Flavors: r-devel-linux-x86_64-fedora-clang, r-devel-linux-x86_64-fedora-gcc