Last updated on 2024-06-17 05:49:04 CEST.
Flavor | Version | Tinstall | Tcheck | Ttotal | Status | Flags |
---|---|---|---|---|---|---|
r-devel-linux-x86_64-debian-clang | 1.1.0 | 68.11 | 42.69 | 110.80 | OK | |
r-devel-linux-x86_64-debian-gcc | 1.1.0 | 45.29 | 32.42 | 77.71 | OK | |
r-devel-linux-x86_64-fedora-clang | 1.1.0 | 142.41 | OK | |||
r-devel-linux-x86_64-fedora-gcc | 1.1.0 | 157.89 | OK | |||
r-devel-windows-x86_64 | 1.1.0 | 53.00 | 73.00 | 126.00 | OK | |
r-patched-linux-x86_64 | 1.1.0 | 57.97 | 40.96 | 98.93 | OK | |
r-release-linux-x86_64 | 1.1.0 | 61.71 | 41.00 | 102.71 | OK | |
r-release-macos-arm64 | 1.1.0 | 39.00 | NOTE | |||
r-release-macos-x86_64 | 1.1.0 | 98.00 | NOTE | |||
r-release-windows-x86_64 | 1.1.0 | 54.00 | 77.00 | 131.00 | OK | |
r-oldrel-macos-arm64 | 1.1.0 | 47.00 | NOTE | |||
r-oldrel-macos-x86_64 | 1.1.0 | 82.00 | NOTE | |||
r-oldrel-windows-x86_64 | 1.1.0 | 63.00 | 85.00 | 148.00 | OK |
Version: 1.1.0
Check: installed package size
Result: NOTE
installed size is 6.6Mb
sub-directories of 1Mb or more:
libs 6.4Mb
Flavors: r-release-macos-arm64, r-release-macos-x86_64, r-oldrel-macos-arm64, r-oldrel-macos-x86_64