Last updated on 2024-08-15 13:48:32 CEST.
Flavor | Version | Tinstall | Tcheck | Ttotal | Status | Flags |
---|---|---|---|---|---|---|
r-devel-linux-x86_64-debian-clang | 1.2.0 | 10.59 | 127.21 | 137.80 | NOTE | |
r-devel-linux-x86_64-debian-gcc | 1.2.0 | 7.44 | 86.66 | 94.10 | NOTE | |
r-devel-linux-x86_64-fedora-clang | 1.2.0 | 223.29 | NOTE | |||
r-devel-linux-x86_64-fedora-gcc | 1.2.0 | 211.19 | NOTE | |||
r-devel-windows-x86_64 | 1.2.0 | 13.00 | 141.00 | 154.00 | NOTE | |
r-patched-linux-x86_64 | 1.2.0 | 11.24 | 117.78 | 129.02 | NOTE | |
r-release-linux-x86_64 | 1.2.0 | 13.09 | 121.78 | 134.87 | NOTE | |
r-release-macos-arm64 | 1.2.0 | 58.00 | NOTE | |||
r-release-macos-x86_64 | 1.2.0 | 92.00 | NOTE | |||
r-release-windows-x86_64 | 1.2.0 | 16.00 | 137.00 | 153.00 | NOTE | |
r-oldrel-macos-arm64 | 1.2.0 | 64.00 | OK | |||
r-oldrel-macos-x86_64 | 1.2.0 | 162.00 | OK | |||
r-oldrel-windows-x86_64 | 1.2.0 | 18.00 | 172.00 | 190.00 | OK |
Version: 1.2.0
Check: Rd files
Result: NOTE
checkRd: (-1) embedded.blocks.Rd:39: Lost braces
39 | \item{miv.threshold}{MIV (marginal information value) entrance threshold applicable only for code{"stepMIV"} method.
| ^
checkRd: (-1) embedded.blocks.Rd:44: Lost braces
44 | \item{m.ch.p.val}{Significance level of p-value for marginal chi-square test applicable only for code{"stepMIV"} method.
| ^
checkRd: (-1) ensemble.blocks.Rd:39: Lost braces
39 | \item{miv.threshold}{MIV (marginal information value) entrance threshold applicable only for code{"stepMIV"} method.
| ^
checkRd: (-1) ensemble.blocks.Rd:44: Lost braces
44 | \item{m.ch.p.val}{Significance level of p-value for marginal chi-square test applicable only for code{"stepMIV"} method.
| ^
checkRd: (-1) staged.blocks.Rd:39: Lost braces
39 | \item{miv.threshold}{MIV (marginal information value) entrance threshold applicable only for code{"stepMIV"} method.
| ^
checkRd: (-1) staged.blocks.Rd:44: Lost braces
44 | \item{m.ch.p.val}{Significance level of p-value for marginal chi-square test applicable only for code{"stepMIV"} method.
| ^
Flavors: r-devel-linux-x86_64-debian-clang, r-devel-linux-x86_64-debian-gcc, r-devel-linux-x86_64-fedora-clang, r-devel-linux-x86_64-fedora-gcc, r-devel-windows-x86_64, r-patched-linux-x86_64, r-release-linux-x86_64, r-release-macos-arm64, r-release-macos-x86_64, r-release-windows-x86_64