Last updated on 2024-08-16 12:49:16 CEST.
Flavor | Version | Tinstall | Tcheck | Ttotal | Status | Flags |
---|---|---|---|---|---|---|
r-devel-linux-x86_64-debian-clang | 0.4.1 | 39.83 | 266.39 | 306.22 | NOTE | |
r-devel-linux-x86_64-debian-gcc | 0.4.1 | 23.83 | 198.63 | 222.46 | NOTE | |
r-devel-linux-x86_64-fedora-clang | 0.4.1 | 519.39 | NOTE | |||
r-devel-linux-x86_64-fedora-gcc | 0.4.1 | 549.60 | NOTE | |||
r-devel-windows-x86_64 | 0.4.1 | 40.00 | 349.00 | 389.00 | NOTE | |
r-patched-linux-x86_64 | 0.4.1 | 41.28 | 286.38 | 327.66 | NOTE | |
r-release-linux-x86_64 | 0.4.1 | 35.83 | 284.14 | 319.97 | NOTE | |
r-release-macos-arm64 | 0.4.1 | 138.00 | NOTE | |||
r-release-macos-x86_64 | 0.4.1 | 211.00 | NOTE | |||
r-release-windows-x86_64 | 0.4.1 | 39.00 | 347.00 | 386.00 | NOTE | |
r-oldrel-macos-arm64 | 0.4.1 | 150.00 | OK | |||
r-oldrel-macos-x86_64 | 0.4.1 | 266.00 | OK | |||
r-oldrel-windows-x86_64 | 0.4.1 | 51.00 | 417.00 | 468.00 | OK |
Version: 0.4.1
Check: Rd files
Result: NOTE
checkRd: (-1) computeResponseProbability.Rd:12: Lost braces; missing escapes or markup?
12 | \item{model}{the item model to use. Accepts \code{grm} or {gpcm}.}
| ^
Flavors: r-devel-linux-x86_64-debian-clang, r-devel-linux-x86_64-debian-gcc, r-devel-linux-x86_64-fedora-clang, r-devel-linux-x86_64-fedora-gcc, r-devel-windows-x86_64, r-patched-linux-x86_64, r-release-linux-x86_64, r-release-macos-arm64, r-release-macos-x86_64, r-release-windows-x86_64
Version: 0.4.1
Check: Rd cross-references
Result: NOTE
Found the following Rd file(s) with Rd \link{} targets missing package
anchors:
plotInfo-methods.Rd: SingleGroupClass-class
runCalibration.Rd: SingleGroupClass-class
runEquateObserved.Rd: equate
Please provide package anchors for all Rd \link{} targets not in the
package itself and the base packages.
Flavors: r-devel-linux-x86_64-debian-clang, r-devel-linux-x86_64-debian-gcc, r-devel-windows-x86_64