Last updated on 2024-06-17 05:49:04 CEST.
Flavor | Version | Tinstall | Tcheck | Ttotal | Status | Flags |
---|---|---|---|---|---|---|
r-devel-linux-x86_64-debian-clang | 0.1.13 | 11.06 | 152.41 | 163.47 | OK | |
r-devel-linux-x86_64-debian-gcc | 0.1.13 | 9.56 | 119.25 | 128.81 | OK | |
r-devel-linux-x86_64-fedora-clang | 0.1.13 | 202.99 | NOTE | |||
r-devel-linux-x86_64-fedora-gcc | 0.1.13 | 195.68 | OK | |||
r-devel-windows-x86_64 | 0.1.13 | 11.00 | 111.00 | 122.00 | OK | |
r-patched-linux-x86_64 | 0.1.13 | 8.20 | 145.80 | 154.00 | OK | |
r-release-linux-x86_64 | 0.1.13 | 7.59 | 149.76 | 157.35 | OK | |
r-release-macos-arm64 | 0.1.13 | 185.00 | OK | |||
r-release-macos-x86_64 | 0.1.13 | 193.00 | OK | |||
r-release-windows-x86_64 | 0.1.13 | 12.00 | 1991.00 | 2003.00 | OK | |
r-oldrel-macos-arm64 | 0.1.13 | 209.00 | OK | |||
r-oldrel-macos-x86_64 | 0.1.13 | 310.00 | OK | |||
r-oldrel-windows-x86_64 | 0.1.13 | 15.00 | 1446.00 | 1461.00 | OK |
Version: 0.1.13
Check: Rd cross-references
Result: NOTE
Undeclared packages ‘tidygraph’, ‘htmlwidgets’ in Rd xrefs
Flavor: r-devel-linux-x86_64-fedora-clang