Last updated on 2024-08-15 13:48:34 CEST.
Flavor | Version | Tinstall | Tcheck | Ttotal | Status | Flags |
---|---|---|---|---|---|---|
r-devel-linux-x86_64-debian-clang | 0.1.0 | 8.64 | 220.29 | 228.93 | NOTE | |
r-devel-linux-x86_64-debian-gcc | 0.1.0 | 5.57 | 140.01 | 145.58 | NOTE | |
r-devel-linux-x86_64-fedora-clang | 0.1.0 | 379.64 | NOTE | |||
r-devel-linux-x86_64-fedora-gcc | 0.1.0 | 377.15 | NOTE | |||
r-devel-windows-x86_64 | 0.1.0 | 11.00 | 223.00 | 234.00 | NOTE | |
r-patched-linux-x86_64 | 0.1.0 | 13.29 | 205.74 | 219.03 | OK | |
r-release-linux-x86_64 | 0.1.0 | 6.74 | 208.05 | 214.79 | OK | |
r-release-macos-arm64 | 0.1.0 | 96.00 | OK | |||
r-release-macos-x86_64 | 0.1.0 | 173.00 | OK | |||
r-release-windows-x86_64 | 0.1.0 | 12.00 | 218.00 | 230.00 | OK | |
r-oldrel-macos-arm64 | 0.1.0 | 100.00 | OK | |||
r-oldrel-macos-x86_64 | 0.1.0 | 163.00 | OK | |||
r-oldrel-windows-x86_64 | 0.1.0 | 13.00 | 287.00 | 300.00 | OK |
Version: 0.1.0
Check: Rd cross-references
Result: NOTE
Found the following Rd file(s) with Rd \link{} targets missing package
anchors:
wop.Rd: minimize
wop_inter.Rd: minimize
Please provide package anchors for all Rd \link{} targets not in the
package itself and the base packages.
Flavors: r-devel-linux-x86_64-debian-clang, r-devel-linux-x86_64-debian-gcc, r-devel-windows-x86_64
Version: 0.1.0
Check: dependencies in R code
Result: NOTE
Namespace in Imports field not imported from: ‘data.table’
All declared Imports should be used.
Flavors: r-devel-linux-x86_64-fedora-clang, r-devel-linux-x86_64-fedora-gcc