Last updated on 2024-06-17 05:49:07 CEST.
Flavor | Version | Tinstall | Tcheck | Ttotal | Status | Flags |
---|---|---|---|---|---|---|
r-devel-linux-x86_64-debian-clang | 0.1.9 | 191.88 | 54.98 | 246.86 | NOTE | |
r-devel-linux-x86_64-debian-gcc | 0.1.9 | 119.37 | 40.77 | 160.14 | NOTE | |
r-devel-linux-x86_64-fedora-clang | 0.1.9 | 372.61 | NOTE | |||
r-devel-linux-x86_64-fedora-gcc | 0.1.9 | 367.70 | NOTE | |||
r-devel-windows-x86_64 | 0.1.9 | 148.00 | 96.00 | 244.00 | NOTE | |
r-patched-linux-x86_64 | 0.1.9 | 157.83 | 51.09 | 208.92 | NOTE | |
r-release-linux-x86_64 | 0.1.9 | 145.56 | 52.12 | 197.68 | NOTE | |
r-release-macos-arm64 | 0.1.9 | 72.00 | NOTE | |||
r-release-macos-x86_64 | 0.1.9 | 114.00 | NOTE | |||
r-release-windows-x86_64 | 0.1.9 | 140.00 | 94.00 | 234.00 | NOTE | |
r-oldrel-macos-arm64 | 0.1.9 | 83.00 | NOTE | |||
r-oldrel-macos-x86_64 | 0.1.9 | 141.00 | NOTE | |||
r-oldrel-windows-x86_64 | 0.1.9 | 172.00 | 107.00 | 279.00 | NOTE |
Version: 0.1.9
Check: C++ specification
Result: NOTE
Specified C++11: please drop specification unless essential
Flavors: r-devel-linux-x86_64-debian-clang, r-devel-linux-x86_64-debian-gcc, r-devel-linux-x86_64-fedora-clang, r-devel-linux-x86_64-fedora-gcc, r-devel-windows-x86_64, r-patched-linux-x86_64, r-release-linux-x86_64, r-release-macos-arm64, r-release-macos-x86_64, r-release-windows-x86_64, r-oldrel-macos-arm64, r-oldrel-macos-x86_64, r-oldrel-windows-x86_64